{"id":940,"date":"2025-09-29T09:18:05","date_gmt":"2025-09-29T07:18:05","guid":{"rendered":"https:\/\/pdf-imposition.shop\/?post_type=product&#038;p=940"},"modified":"2025-10-28T13:57:33","modified_gmt":"2025-10-28T12:57:33","slug":"pro-ohp-ultra-transparency-film-pictorico-ipf121-tps100-plotterrollen","status":"publish","type":"product","link":"https:\/\/pdf-imposition.shop\/?product=pro-ohp-ultra-transparency-film-pictorico-ipf121-tps100-plotterrollen","title":{"rendered":"Pro OHP Ultra Premium Transparency Film  &#8211; Pictorico IPF121 (TPS100) Plotterrollen"},"content":{"rendered":"<h2><span class=\"\" lang=\"de\" tabindex=\"-1\" data-wp-editing=\"1\"><img loading=\"lazy\" decoding=\"async\" class=\"alignnone wp-image-939 size-medium\" src=\"http:\/\/pdf-imposition.shop\/wp-content\/uploads\/2025\/09\/InnovaPictorico-300x43.jpg\" alt=\"\" width=\"300\" height=\"43\" srcset=\"https:\/\/pdf-imposition.shop\/wp-content\/uploads\/2025\/09\/InnovaPictorico-300x43.jpg 300w, https:\/\/pdf-imposition.shop\/wp-content\/uploads\/2025\/09\/InnovaPictorico-416x59.jpg 416w, https:\/\/pdf-imposition.shop\/wp-content\/uploads\/2025\/09\/InnovaPictorico-96x14.jpg 96w, https:\/\/pdf-imposition.shop\/wp-content\/uploads\/2025\/09\/InnovaPictorico.jpg 703w\" sizes=\"auto, (max-width: 300px) 100vw, 300px\" \/><\/span><\/h2>\n<h2>Pictorico Pro OHP Ultra Premium Transparency Film\u00a0 IPF121 (TPS100) Plotterrollen<\/h2>\n<p><strong><span id=\"result_box\" class=\"\" lang=\"de\" tabindex=\"-1\">Der britische Inkjetmedien-Spezialist Innova Art Ltd. (UK) bringt die legend\u00e4ren japanischen Pictorico Inkjetfilme wieder nach Europa<br \/>\n<\/span><\/strong><span id=\"result_box\" class=\"\" lang=\"de\" tabindex=\"-1\"><\/span><\/p>\n<p>Mit einer einzigartigen, kristallinen Beschichtung ausgestattet sind sie die Standardmaterialien f\u00fcr die Herstellung digitaler Negativfilme. F\u00fcr ambitionierte Fotografen, die den klassisch-analogen Entwicklungsprozess als individuelles Ausdrucksmittel ihrer k\u00fcnstlerischen Arbeit (wieder)entdeckt haben, sind die <strong>Pictorico Pro OHP Transparency Filme<\/strong> das Bindeglied zwischen heutiger Digitalfotografie und dem klassischen Schwarzwei\u00df-Prozess, sowie den Edeldruckverfahren aus der Fr\u00fchzeit der Fotografie (Cyanotypie\/<a href=\"https:\/\/pdf-imposition.shop\/wp-content\/uploads\/2025\/09\/FineArtPrinter3_15TALBOT-1.pdf\" target=\"_blank\" rel=\"noreferrer noopener\">Sunprints<\/a>, Siderotypie, Platinum\/Palladium-Druck, etc.). Seit Mai 2019 vertreibt Innova Art Ltd. unter dem Label <a href=\"https:\/\/pdf-imposition.shop\/?product_cat=pictorico\" target=\"_blank\" rel=\"noreferrer noopener\">\u201ePhoto Art by Pictorico\u201c<\/a> wieder Pictorico-Inkjetfilme in Europa. Mitsubishi Paper Mills Ltd., die Muttergesellschaft der Marke Pictorico, hatte den europ\u00e4ischen Vertrieb vor Jahren eingestellt.<br \/>\nDie leicht opak-gl\u00e4nzende Oberfl\u00e4che der Pictorico-Inkjetfilme, ist durch seine einzigartige Oberfl\u00e4chenbeschichtung <strong>(Crystal Coating)<\/strong> ideal, f\u00fcr die Herstellung von <strong>Fotonegativen aus digitalen Bilddaten (Edeldruckverfahren)<\/strong>, oder als digitale Vergr\u00f6\u00dferung einer Analog-Fotografie. Pictorico Pro OHP Transparency Filme bieten eine hohe Tintenaufnahmekapazit\u00e4t f\u00fcr dichteste Schwarzt\u00f6ne. Der high-end <strong>Inkjetfilm IPF121\u00a0 (TPS100) <\/strong>mit <strong>25% mehr Tintenaufnahme<\/strong>, ist sowohl mit wasserbasierenden Pigment- als auch mit Farbstoff-Tinten (Dye-Inks) kompatibel. Die transluzierenden Oberfl\u00e4che des Pictorico Pro OHP-Transparency Film eignet sich ebenso perfekt zum Drucken von Inkjet-Transparentfolien im Rahmen einer <strong>Siebdruckfilm- bzw. Reprofilm-Herstellung<\/strong>.<\/p>\n<p>Ein interessanter Artikel aus dem Magazin<strong> FineArt Printer<\/strong> (03\/2015) zu diesem Thema:<br \/>\n<a href=\"http:\/\/pdf-imposition.shop\/wp-content\/uploads\/2025\/09\/FineArtPrinter3_15TALBOT-1.pdf\" target=\"_blank\" rel=\"noopener\">FineArtPrinter3_15TALBOT<\/a><\/p>\n<h4><strong>Einzigartige kristalline Tintenaufnahmeschicht<\/strong><\/h4>\n<figure id=\"attachment_937\" aria-describedby=\"caption-attachment-937\" style=\"width: 980px\" class=\"wp-caption alignnone\"><img loading=\"lazy\" decoding=\"async\" class=\"wp-image-937 size-large\" src=\"http:\/\/pdf-imposition.shop\/wp-content\/uploads\/2025\/09\/CrystalCoating_Pictorico_D-1-1-1024x794.jpg\" alt=\"Pictorico Crystal Coating\" width=\"980\" height=\"760\" srcset=\"https:\/\/pdf-imposition.shop\/wp-content\/uploads\/2025\/09\/CrystalCoating_Pictorico_D-1-1-1024x794.jpg 1024w, https:\/\/pdf-imposition.shop\/wp-content\/uploads\/2025\/09\/CrystalCoating_Pictorico_D-1-1-300x233.jpg 300w, https:\/\/pdf-imposition.shop\/wp-content\/uploads\/2025\/09\/CrystalCoating_Pictorico_D-1-1-768x596.jpg 768w, https:\/\/pdf-imposition.shop\/wp-content\/uploads\/2025\/09\/CrystalCoating_Pictorico_D-1-1-416x323.jpg 416w, https:\/\/pdf-imposition.shop\/wp-content\/uploads\/2025\/09\/CrystalCoating_Pictorico_D-1-1-96x74.jpg 96w, https:\/\/pdf-imposition.shop\/wp-content\/uploads\/2025\/09\/CrystalCoating_Pictorico_D-1-1.jpg 1444w\" sizes=\"auto, (max-width: 980px) 100vw, 980px\" \/><figcaption id=\"caption-attachment-937\" class=\"wp-caption-text\">Alleinstellungsmerkmal aller Pictorico Inkjetmaterialien \u2013 die unerreichte Kantensch\u00e4rfe kristalliner Beschichtungspartikel.<\/figcaption><\/figure>\n<p>&nbsp;<\/p>\n<p><strong>\u00a0<\/strong><strong>Bedruckstoff:<\/strong> Dimensionsstabiler Transparentfilm auf Polyesterbasis mit Antistatik-Ausr\u00fcstung<br \/>\n<strong>Dicke:<\/strong> 570 micron \/ 184 g\/qm<br \/>\n<strong>Oberfl\u00e4che:<\/strong> satin-clear mit einzigartiger kristalliner Beschichtung<br \/>\n<strong>Rollenl\u00e4nge:<\/strong> 20 m (Standard)<br \/>\n<strong>Rollenbreiten:<\/strong> 17&#8243;\/432 mm, 24&#8243;\/610 mm,\u00a0 44&#8243;\/1118 mm<br \/>\n<strong>Rollenkern:<\/strong> Optimaler 3&#8243;-Kern f\u00fcr beste Planlagegarantie<br \/>\n<strong>Verpackungseinheit: <\/strong>Plotterrolle in einem stabilen Pappkarton<\/p>\n<p>Empfohlene Druckerinstellungen, Produktspezifikationen und Handhabungsinstruktionen:<br \/>\n<strong><a href=\"http:\/\/pdf-imposition.shop\/wp-content\/uploads\/2025\/09\/Recommended-Printer-Settings-2009.pdf\">Recommended-Printer-Settings-2009<\/a><br \/>\n<a href=\"http:\/\/pdf-imposition.shop\/wp-content\/uploads\/2025\/09\/Recommended-Printer-Settings-2009-2.pdf\">Recommended-Printer-Settings-2009-2<\/a><br \/>\n<a href=\"http:\/\/pdf-imposition.shop\/wp-content\/uploads\/2025\/09\/ProductSpecificationEdited.pdf\">ProductSpecificationEdited<\/a><br \/>\n<a href=\"http:\/\/pdf-imposition.shop\/wp-content\/uploads\/2025\/09\/InstructionSheet2009.pdf\">InstructionSheet2009<\/a><br \/>\n<\/strong>Hier das Technische Datenblatt:<br \/>\n<a href=\"http:\/\/pdf-imposition.shop\/wp-content\/uploads\/2025\/09\/IPF121-TPS100-Innova-Photo-Art_Data-Sheets_2019.pdf\"><strong>Pictorico Ultra Premium OHP Transparency Film_datasheet 2019<\/strong><\/a><\/p>\n","protected":false},"excerpt":{"rendered":"<p><strong>Ideal zum Erstellen von digitalen Negativen f\u00fcr den fotografischen Kontaktdruck. Dieser bedruckbare Inkjetfilm ist sowohl mit wasserbasierenden Pigment- als auch Farbstofftinten (Dye-Inks) bedruckbar. Der britische Inkjetmedien-Spezialist <a href=\"https:\/\/www.innovaart.com\/\" target=\"_blank\" rel=\"noreferrer noopener\" aria-label=\"Innova Art Ltd. (UK) (opens in a new tab)\">Innova Art Ltd. (UK)<\/a> bringt die legend\u00e4ren japanischen\u00a0 Pictorico Inkjetfilme wieder nach Europa.Der britische Inkjetmedien-Spezialist <a href=\"https:\/\/www.innovaart.com\/\" target=\"_blank\" rel=\"noreferrer noopener\" aria-label=\"Innova Art Ltd. (UK) (opens in a new tab)\">Innova Art Ltd. (UK)<\/a> bringt die legend\u00e4ren japanischen\u00a0 Pictorico Inkjetfilme wieder nach Europa.<\/strong> Mit einer einzigartigen, kristallinen Beschichtung ausgestattet sind sie die Standardmaterialien f\u00fcr die Herstellung digitaler Negativfilme. F\u00fcr ambitionierte Fotografen, die den klassisch-analogen Entwicklungsprozess als individuelles Ausdrucksmittel ihrer k\u00fcnstlerischen Arbeit (wieder)entdeckt haben, sind die <strong>Pictorico Pro OHP Transparency Filme<\/strong> das Bindeglied zwischen heutiger Digitalfotografie und dem klassischen Schwarzwei\u00df-Prozess, sowie den Edeldruckverfahren aus der Fr\u00fchzeit der Fotografie (Cyanotypie\/<a href=\"https:\/\/pdf-imposition.shop\/wp-content\/uploads\/2025\/09\/FineArtPrinter3_15TALBOT-1.pdf\" target=\"_blank\" rel=\"noreferrer noopener\">Sunprints<\/a>, Siderotypie, Platinum\/Palladium-Druck, etc.). Seit Mai 2019 vertreibt Innova Art Ltd. unter dem Label <a href=\"https:\/\/pdf-imposition.shop\/?product_cat=pictorico\" target=\"_blank\" rel=\"noreferrer noopener\">\u201ePhoto Art by Pictorico\u201c<\/a> wieder Pictorico-Inkjetfilme in Europa. Mitsubishi Paper Mills Ltd., die Muttergesellschaft der Marke Pictorico, hatte den europ\u00e4ischen Vertrieb vor Jahren eingestellt.<\/p>\n","protected":false},"featured_media":1114,"template":"","meta":{"pmpro_default_level":"","jetpack_post_was_ever_published":false,"jetpack_publicize_message":"","jetpack_publicize_feature_enabled":true,"jetpack_social_post_already_shared":true,"jetpack_social_options":{"image_generator_settings":{"template":"highway","default_image_id":0,"font":"","enabled":false},"version":2}},"product_brand":[],"product_cat":[122,52,121],"product_tag":[135,133,112,116,134],"class_list":{"0":"post-940","1":"product","2":"type-product","3":"status-publish","4":"has-post-thumbnail","6":"wpc-brand-pictorico","7":"product_cat-inkjetfilm","8":"product_cat-inkjetmedien","9":"product_cat-pictorico","10":"product_tag-alternative-processes","11":"product_tag-digital-negatives","12":"product_tag-inkjetfilm","13":"product_tag-rollenware","14":"product_tag-transparency-film","15":"pa_rollenformate-17zoll20m","16":"pa_rollenformate-24zoll20m","17":"pa_rollenformate-44zoll20m","18":"pmpro-has-access","20":"first","21":"instock","22":"taxable","23":"shipping-taxable","24":"purchasable","25":"product-type-variable"},"yoast_head":"<!-- This site is optimized with the Yoast SEO plugin v27.5 - https:\/\/yoast.com\/product\/yoast-seo-wordpress\/ -->\n<title>Pro OHP Ultra Premium Transparency Film - Pictorico IPF121 (TPS100) Plotterrollen - PDF-Imposition Shop<\/title>\n<meta name=\"description\" content=\"Pro OHP Ultra Premium Transparency Film - Pictorico IPF121 (TPS100) Plotterrollen - PDF-Imposition Shop\" \/>\n<meta name=\"robots\" content=\"index, follow, max-snippet:-1, max-image-preview:large, max-video-preview:-1\" \/>\n<link rel=\"canonical\" href=\"https:\/\/pdf-imposition.shop\/?product=pro-ohp-ultra-transparency-film-pictorico-ipf121-tps100-plotterrollen\" \/>\n<meta property=\"og:locale\" content=\"de_DE\" \/>\n<meta property=\"og:type\" content=\"article\" \/>\n<meta property=\"og:title\" content=\"Pro OHP Ultra Premium Transparency Film - Pictorico IPF121 (TPS100) Plotterrollen - PDF-Imposition Shop\" \/>\n<meta property=\"og:description\" content=\"Pro OHP Ultra Premium Transparency Film - Pictorico IPF121 (TPS100) Plotterrollen - PDF-Imposition Shop\" \/>\n<meta property=\"og:url\" content=\"https:\/\/pdf-imposition.shop\/?product=pro-ohp-ultra-transparency-film-pictorico-ipf121-tps100-plotterrollen\" \/>\n<meta property=\"og:site_name\" content=\"PDF-Imposition Shop\" \/>\n<meta property=\"article:modified_time\" content=\"2025-10-28T12:57:33+00:00\" \/>\n<meta property=\"og:image\" content=\"http:\/\/pdf-imposition.shop\/wp-content\/uploads\/2025\/09\/Innova-Photo-Art-by-Pictorico_Rolls.jpg\" \/>\n\t<meta property=\"og:image:width\" content=\"1000\" \/>\n\t<meta property=\"og:image:height\" content=\"1000\" \/>\n\t<meta property=\"og:image:type\" content=\"image\/jpeg\" \/>\n<meta name=\"twitter:card\" content=\"summary_large_image\" \/>\n<meta name=\"twitter:label1\" content=\"Gesch\u00e4tzte Lesezeit\" \/>\n\t<meta name=\"twitter:data1\" content=\"3\u00a0Minuten\" \/>\n<script type=\"application\/ld+json\" class=\"yoast-schema-graph\">{\"@context\":\"https:\\\/\\\/schema.org\",\"@graph\":[{\"@type\":\"WebPage\",\"@id\":\"https:\\\/\\\/pdf-imposition.shop\\\/?product=pro-ohp-ultra-transparency-film-pictorico-ipf121-tps100-plotterrollen\",\"url\":\"https:\\\/\\\/pdf-imposition.shop\\\/?product=pro-ohp-ultra-transparency-film-pictorico-ipf121-tps100-plotterrollen\",\"name\":\"Pro OHP Ultra Premium Transparency Film - Pictorico IPF121 (TPS100) Plotterrollen - PDF-Imposition Shop\",\"isPartOf\":{\"@id\":\"https:\\\/\\\/pdf-imposition.shop\\\/#website\"},\"primaryImageOfPage\":{\"@id\":\"https:\\\/\\\/pdf-imposition.shop\\\/?product=pro-ohp-ultra-transparency-film-pictorico-ipf121-tps100-plotterrollen#primaryimage\"},\"image\":{\"@id\":\"https:\\\/\\\/pdf-imposition.shop\\\/?product=pro-ohp-ultra-transparency-film-pictorico-ipf121-tps100-plotterrollen#primaryimage\"},\"thumbnailUrl\":\"https:\\\/\\\/pdf-imposition.shop\\\/wp-content\\\/uploads\\\/2025\\\/09\\\/Innova-Photo-Art-by-Pictorico_Rolls.jpg\",\"datePublished\":\"2025-09-29T07:18:05+00:00\",\"dateModified\":\"2025-10-28T12:57:33+00:00\",\"description\":\"Pro OHP Ultra Premium Transparency Film - Pictorico IPF121 (TPS100) Plotterrollen - PDF-Imposition Shop\",\"breadcrumb\":{\"@id\":\"https:\\\/\\\/pdf-imposition.shop\\\/?product=pro-ohp-ultra-transparency-film-pictorico-ipf121-tps100-plotterrollen#breadcrumb\"},\"inLanguage\":\"de\",\"potentialAction\":[{\"@type\":\"ReadAction\",\"target\":[\"https:\\\/\\\/pdf-imposition.shop\\\/?product=pro-ohp-ultra-transparency-film-pictorico-ipf121-tps100-plotterrollen\"]}]},{\"@type\":\"ImageObject\",\"inLanguage\":\"de\",\"@id\":\"https:\\\/\\\/pdf-imposition.shop\\\/?product=pro-ohp-ultra-transparency-film-pictorico-ipf121-tps100-plotterrollen#primaryimage\",\"url\":\"https:\\\/\\\/pdf-imposition.shop\\\/wp-content\\\/uploads\\\/2025\\\/09\\\/Innova-Photo-Art-by-Pictorico_Rolls.jpg\",\"contentUrl\":\"https:\\\/\\\/pdf-imposition.shop\\\/wp-content\\\/uploads\\\/2025\\\/09\\\/Innova-Photo-Art-by-Pictorico_Rolls.jpg\",\"width\":1000,\"height\":1000,\"caption\":\"Pictorico Transparency Film TPS100\"},{\"@type\":\"BreadcrumbList\",\"@id\":\"https:\\\/\\\/pdf-imposition.shop\\\/?product=pro-ohp-ultra-transparency-film-pictorico-ipf121-tps100-plotterrollen#breadcrumb\",\"itemListElement\":[{\"@type\":\"ListItem\",\"position\":1,\"name\":\"Startseite\",\"item\":\"https:\\\/\\\/pdf-imposition.shop\\\/\"},{\"@type\":\"ListItem\",\"position\":2,\"name\":\"Shop\",\"item\":\"https:\\\/\\\/pdf-imposition.shop\\\/?page_id=4\"},{\"@type\":\"ListItem\",\"position\":3,\"name\":\"Pro OHP Ultra Premium Transparency Film &#8211; Pictorico IPF121 (TPS100) Plotterrollen\"}]},{\"@type\":\"WebSite\",\"@id\":\"https:\\\/\\\/pdf-imposition.shop\\\/#website\",\"url\":\"https:\\\/\\\/pdf-imposition.shop\\\/\",\"name\":\"PDF-Imposition Shop\",\"description\":\"Prepress Software Shop &amp; Service\",\"publisher\":{\"@id\":\"https:\\\/\\\/pdf-imposition.shop\\\/#organization\"},\"potentialAction\":[{\"@type\":\"SearchAction\",\"target\":{\"@type\":\"EntryPoint\",\"urlTemplate\":\"https:\\\/\\\/pdf-imposition.shop\\\/?s={search_term_string}\"},\"query-input\":{\"@type\":\"PropertyValueSpecification\",\"valueRequired\":true,\"valueName\":\"search_term_string\"}}],\"inLanguage\":\"de\"},{\"@type\":\"Organization\",\"@id\":\"https:\\\/\\\/pdf-imposition.shop\\\/#organization\",\"name\":\"PDF-Imposition Shop\",\"url\":\"https:\\\/\\\/pdf-imposition.shop\\\/\",\"logo\":{\"@type\":\"ImageObject\",\"inLanguage\":\"de\",\"@id\":\"https:\\\/\\\/pdf-imposition.shop\\\/#\\\/schema\\\/logo\\\/image\\\/\",\"url\":\"https:\\\/\\\/pdf-imposition.shop\\\/wp-content\\\/uploads\\\/2018\\\/03\\\/cropped-Shop-Header.jpg\",\"contentUrl\":\"https:\\\/\\\/pdf-imposition.shop\\\/wp-content\\\/uploads\\\/2018\\\/03\\\/cropped-Shop-Header.jpg\",\"width\":470,\"height\":110,\"caption\":\"PDF-Imposition Shop\"},\"image\":{\"@id\":\"https:\\\/\\\/pdf-imposition.shop\\\/#\\\/schema\\\/logo\\\/image\\\/\"}}]}<\/script>\n<!-- \/ Yoast SEO plugin. -->","yoast_head_json":{"title":"Pro OHP Ultra Premium Transparency Film - Pictorico IPF121 (TPS100) Plotterrollen - PDF-Imposition Shop","description":"Pro OHP Ultra Premium Transparency Film - Pictorico IPF121 (TPS100) Plotterrollen - PDF-Imposition Shop","robots":{"index":"index","follow":"follow","max-snippet":"max-snippet:-1","max-image-preview":"max-image-preview:large","max-video-preview":"max-video-preview:-1"},"canonical":"https:\/\/pdf-imposition.shop\/?product=pro-ohp-ultra-transparency-film-pictorico-ipf121-tps100-plotterrollen","og_locale":"de_DE","og_type":"article","og_title":"Pro OHP Ultra Premium Transparency Film - Pictorico IPF121 (TPS100) Plotterrollen - PDF-Imposition Shop","og_description":"Pro OHP Ultra Premium Transparency Film - Pictorico IPF121 (TPS100) Plotterrollen - PDF-Imposition Shop","og_url":"https:\/\/pdf-imposition.shop\/?product=pro-ohp-ultra-transparency-film-pictorico-ipf121-tps100-plotterrollen","og_site_name":"PDF-Imposition Shop","article_modified_time":"2025-10-28T12:57:33+00:00","og_image":[{"width":1000,"height":1000,"url":"http:\/\/pdf-imposition.shop\/wp-content\/uploads\/2025\/09\/Innova-Photo-Art-by-Pictorico_Rolls.jpg","type":"image\/jpeg"}],"twitter_card":"summary_large_image","twitter_misc":{"Gesch\u00e4tzte Lesezeit":"3\u00a0Minuten"},"schema":{"@context":"https:\/\/schema.org","@graph":[{"@type":"WebPage","@id":"https:\/\/pdf-imposition.shop\/?product=pro-ohp-ultra-transparency-film-pictorico-ipf121-tps100-plotterrollen","url":"https:\/\/pdf-imposition.shop\/?product=pro-ohp-ultra-transparency-film-pictorico-ipf121-tps100-plotterrollen","name":"Pro OHP Ultra Premium Transparency Film - Pictorico IPF121 (TPS100) Plotterrollen - PDF-Imposition Shop","isPartOf":{"@id":"https:\/\/pdf-imposition.shop\/#website"},"primaryImageOfPage":{"@id":"https:\/\/pdf-imposition.shop\/?product=pro-ohp-ultra-transparency-film-pictorico-ipf121-tps100-plotterrollen#primaryimage"},"image":{"@id":"https:\/\/pdf-imposition.shop\/?product=pro-ohp-ultra-transparency-film-pictorico-ipf121-tps100-plotterrollen#primaryimage"},"thumbnailUrl":"https:\/\/pdf-imposition.shop\/wp-content\/uploads\/2025\/09\/Innova-Photo-Art-by-Pictorico_Rolls.jpg","datePublished":"2025-09-29T07:18:05+00:00","dateModified":"2025-10-28T12:57:33+00:00","description":"Pro OHP Ultra Premium Transparency Film - Pictorico IPF121 (TPS100) Plotterrollen - PDF-Imposition Shop","breadcrumb":{"@id":"https:\/\/pdf-imposition.shop\/?product=pro-ohp-ultra-transparency-film-pictorico-ipf121-tps100-plotterrollen#breadcrumb"},"inLanguage":"de","potentialAction":[{"@type":"ReadAction","target":["https:\/\/pdf-imposition.shop\/?product=pro-ohp-ultra-transparency-film-pictorico-ipf121-tps100-plotterrollen"]}]},{"@type":"ImageObject","inLanguage":"de","@id":"https:\/\/pdf-imposition.shop\/?product=pro-ohp-ultra-transparency-film-pictorico-ipf121-tps100-plotterrollen#primaryimage","url":"https:\/\/pdf-imposition.shop\/wp-content\/uploads\/2025\/09\/Innova-Photo-Art-by-Pictorico_Rolls.jpg","contentUrl":"https:\/\/pdf-imposition.shop\/wp-content\/uploads\/2025\/09\/Innova-Photo-Art-by-Pictorico_Rolls.jpg","width":1000,"height":1000,"caption":"Pictorico Transparency Film TPS100"},{"@type":"BreadcrumbList","@id":"https:\/\/pdf-imposition.shop\/?product=pro-ohp-ultra-transparency-film-pictorico-ipf121-tps100-plotterrollen#breadcrumb","itemListElement":[{"@type":"ListItem","position":1,"name":"Startseite","item":"https:\/\/pdf-imposition.shop\/"},{"@type":"ListItem","position":2,"name":"Shop","item":"https:\/\/pdf-imposition.shop\/?page_id=4"},{"@type":"ListItem","position":3,"name":"Pro OHP Ultra Premium Transparency Film &#8211; Pictorico IPF121 (TPS100) Plotterrollen"}]},{"@type":"WebSite","@id":"https:\/\/pdf-imposition.shop\/#website","url":"https:\/\/pdf-imposition.shop\/","name":"PDF-Imposition Shop","description":"Prepress Software Shop &amp; Service","publisher":{"@id":"https:\/\/pdf-imposition.shop\/#organization"},"potentialAction":[{"@type":"SearchAction","target":{"@type":"EntryPoint","urlTemplate":"https:\/\/pdf-imposition.shop\/?s={search_term_string}"},"query-input":{"@type":"PropertyValueSpecification","valueRequired":true,"valueName":"search_term_string"}}],"inLanguage":"de"},{"@type":"Organization","@id":"https:\/\/pdf-imposition.shop\/#organization","name":"PDF-Imposition Shop","url":"https:\/\/pdf-imposition.shop\/","logo":{"@type":"ImageObject","inLanguage":"de","@id":"https:\/\/pdf-imposition.shop\/#\/schema\/logo\/image\/","url":"https:\/\/pdf-imposition.shop\/wp-content\/uploads\/2018\/03\/cropped-Shop-Header.jpg","contentUrl":"https:\/\/pdf-imposition.shop\/wp-content\/uploads\/2018\/03\/cropped-Shop-Header.jpg","width":470,"height":110,"caption":"PDF-Imposition Shop"},"image":{"@id":"https:\/\/pdf-imposition.shop\/#\/schema\/logo\/image\/"}}]}},"jetpack_publicize_connections":[],"jetpack_sharing_enabled":true,"_links":{"self":[{"href":"https:\/\/pdf-imposition.shop\/index.php?rest_route=\/wp\/v2\/product\/940","targetHints":{"allow":["GET"]}}],"collection":[{"href":"https:\/\/pdf-imposition.shop\/index.php?rest_route=\/wp\/v2\/product"}],"about":[{"href":"https:\/\/pdf-imposition.shop\/index.php?rest_route=\/wp\/v2\/types\/product"}],"wp:featuredmedia":[{"embeddable":true,"href":"https:\/\/pdf-imposition.shop\/index.php?rest_route=\/wp\/v2\/media\/1114"}],"wp:attachment":[{"href":"https:\/\/pdf-imposition.shop\/index.php?rest_route=%2Fwp%2Fv2%2Fmedia&parent=940"}],"wp:term":[{"taxonomy":"product_brand","embeddable":true,"href":"https:\/\/pdf-imposition.shop\/index.php?rest_route=%2Fwp%2Fv2%2Fproduct_brand&post=940"},{"taxonomy":"product_cat","embeddable":true,"href":"https:\/\/pdf-imposition.shop\/index.php?rest_route=%2Fwp%2Fv2%2Fproduct_cat&post=940"},{"taxonomy":"product_tag","embeddable":true,"href":"https:\/\/pdf-imposition.shop\/index.php?rest_route=%2Fwp%2Fv2%2Fproduct_tag&post=940"}],"curies":[{"name":"wp","href":"https:\/\/api.w.org\/{rel}","templated":true}]}}