{"id":71,"date":"2018-01-06T09:18:07","date_gmt":"2018-01-06T09:18:07","guid":{"rendered":"http:\/\/pdf-imposition.shop\/?post_type=product&#038;p=71"},"modified":"2026-03-20T12:32:37","modified_gmt":"2026-03-20T11:32:37","slug":"navigator-northstar-rip-workflow-2","status":"publish","type":"product","link":"https:\/\/pdf-imposition.shop\/?product=navigator-northstar-rip-workflow-2","title":{"rendered":"Navigator Northstar DFE &#8211; Memjet Desktop Envelope &#038; Labels"},"content":{"rendered":"<h4><img loading=\"lazy\" decoding=\"async\" class=\"alignnone size-full wp-image-121\" src=\"http:\/\/pdf-imposition.shop\/wp-content\/uploads\/2018\/01\/Navigator-Logo.png\" alt=\"\" width=\"175\" height=\"117\" \/><\/h4>\n<h4><img loading=\"lazy\" decoding=\"async\" class=\"alignnone size-medium wp-image-640\" src=\"http:\/\/pdf-imposition.shop\/wp-content\/uploads\/2018\/01\/Memjet-Logo-300x79.png\" alt=\"\" width=\"300\" height=\"79\" srcset=\"https:\/\/pdf-imposition.shop\/wp-content\/uploads\/2018\/01\/Memjet-Logo-300x79.png 300w, https:\/\/pdf-imposition.shop\/wp-content\/uploads\/2018\/01\/Memjet-Logo-416x109.png 416w, https:\/\/pdf-imposition.shop\/wp-content\/uploads\/2018\/01\/Memjet-Logo.png 439w\" sizes=\"auto, (max-width: 300px) 100vw, 300px\" \/><\/h4>\n<h2>Navigator Northstar DFE &#8211; Memjet Desktop Envelope &amp; Labels<\/h2>\n<h4><span id=\"result_box\" class=\"\" lang=\"de\" tabindex=\"-1\"><span title=\"Get spot colour matching right with Navigator Northstar. \">Erzielen Sie mit dem Navigator Northstar Memjet Desktop Envelope eine perfekte Farbabstimmung.<\/span><\/span><\/h4>\n<p><span title=\"Navigator Northstar is a Harlequin RIP and workflow package designed to &quot;bolt on&quot; to colour printers lacking workflow tools and robust colour correction capabilities.\">Xitron Navigator Northstar Memjet ist ein Harlequin RIP- und Workflow-Paket, das die F\u00e4higkeiten von Memjet-Druckk\u00f6pfen mit Workflow-Tools und robusten Farbkorrekturfunktionen erweitert. <\/span><span title=\"An alternative to print drivers or down-market RIPs, Navigator Northstar brings the professional level of colour adjustment and control necessary to use these printers in a production environment where the final product (printed material) is sold. \">Der Navigator Northstar Memjet Desktop Envelope ist eine Alternative zu normalen Druckertreibern oder veralteten RIPs und bietet die professionelle Farbanpassung und -steuerung, die erforderlich ist um Memjet-basierte Drucker in einer professionellen Produktionsumgebung zu verwenden.<\/span><\/p>\n<p><span title=\"What is Navigator Northstar? \"><strong>Was ist der Navigator Northstar Memjet Desktop Envelope?<\/strong><br \/>\n<\/span><span title=\"Navigator Northstar combines a Navigator RIP, a two-client\/one RIP workflow license, and a plug-in that will drive many Memjet-based printers, or the OKI 931\/941 models. \">Navigator Northstar kombiniert den Navigator RIP, einen Zwei-Client\/Workflow und ein Plug-In, das viele Memjet-basierte Drucker ansteuert.<\/span><\/p>\n<p><span title=\"The Navigator RIP communicates with the output device through a network connection, which means the printer can be physically located anywhere it's convenient to the user.\">Der Navigator RIP kommuniziert \u00fcber eine Netzwerkverbindung mit dem Ausgabeger\u00e4t, so dass der Drucker physisch an einem beliebigen Ort platziert werden kann, der f\u00fcr den Benutzer geeignet ist. <\/span><span title=\"Since the workflow client software is compatible Mac or PC, the printer can be controlled from anywhere on the network. \">Da die Workflow-Client-Software mit Mac oder PC kompatibel ist, kann der Drucker von jedem Ort im Netzwerk aus gesteuert werden.<br \/>\nDruckjobs <\/span><span title=\"Jobs are submitted to the RIP through the workflow's drag-and-drop interface where the operator has an opportunity to select standard printing options such as rotation, copy count, halftone screening, and calibration. \">werden \u00fcber die Drag-and-Drop-Oberfl\u00e4che des Clients an den RIP \u00fcbergeben, der Bediener hat dar\u00fcber hinaus die M\u00f6glichkeit Standarddruckoptionen wie Rotation, Kopienanzahl, Rasterung und Kalibrierung\u00a0 individuell auszuw\u00e4hlen.<br \/>\n<\/span><span title=\"However, Northstar deviates from the standard printer driver control by incorporating a professional colour management tool which allows the operator to visually match spot colours on each individual job and adjust the colour based on a series of printable swatches.\">Northstar OKI erweitert jedoch die normalen Druckertreibersteuerung,\u00a0 um ein professionelles Farbmanagement-Tool mit dem der Bediener die Sonderfarben f\u00fcr jeden einzelnen Auftrag visuell anpassen und die Farbe anhand einer Reihe druckbarer Farbfelder anpassen kann. <\/span><span title=\"The adjustments can be added to a library and used later (should the job repeat), or even on new jobs containing that particular colour.\">Die Anpassungen k\u00f6nnen zu einer Bibliothek hinzugef\u00fcgt und sp\u00e4ter, falls der Job wiederholt wird, oder neue Jobs diese bestimmte Farbe ben\u00f6tigen, aus der Bibliothek abgerufen werden. <\/span><span title=\"Colour accuracy can be achieved through built-in paper profiles, custom colour profiles generated by the user, a global colour change tool, or through a unique spot colour matching routine that allows the user to visually adjust colour accuracy on a job-by-job\">Die Farbgenauigkeit Ihres Memjet-basierten Druckers kann durch integrierte ICC-Papierprofile, benutzerdefinierte ICC-Farbprofile, ein globales Farb\u00e4nderungswerkzeug und durch eine einzigartige Routine zur Sonderfarbenanpassung verbessert werden. Der Anwender kann die Farbgenauigkeit jedes einzelnen Jobs visuell anpassen<\/span><span title=\"basis. \">.<\/span><\/p>\n<p><strong><span title=\"Navigator Northstar supports a number of printers that incorporate Memjet's Northstar print head.\">Navigator Northstar Memjet Desktop Envelope unterst\u00fctzt eine Reihe von Druckern, die den Northstar-Druckkopf von Memjet verwenden. <span title=\"The full list of supported printers can found at www.xitron.com \">Die vollst\u00e4ndige Liste der unterst\u00fctzten Drucker finden Sie unter <a href=\"http:\/\/xitron.com\/products\/navigator-northstar\/navigator-northstar-compatible-engines\/\" target=\"_blank\" rel=\"noopener\">www.xitron.com<\/a><\/span><\/span><\/strong><\/p>\n<p>Hier die Produktbrosch\u00fcre und die Liste Memjet-basierter Drucker:<\/p>\n<p><a href=\"http:\/\/pdf-imposition.shop\/wp-content\/uploads\/2018\/01\/Navigator_Northstar_brochure_digital.pdf\"><strong>Navigator_Northstar_Brosch\u00fcre_digital<\/strong><\/a><\/p>\n<p>&nbsp;<\/p>\n","protected":false},"excerpt":{"rendered":"<p><span title=\"Navigator Northstar is a Harlequin RIP and workflow package designed to &quot;bolt on&quot; to colour printers lacking workflow tools and robust colour correction capabilities.\">Xitron Navigator Northstar Memjet ist ein Harlequin RIP- und Workflow-Paket, das die F\u00e4higkeiten von Memjet-Druckk\u00f6pfen mit Workflow-Tools und robusten Farbkorrekturfunktionen erweitert.<\/span><\/p>\n","protected":false},"featured_media":122,"template":"","meta":{"pmpro_default_level":"","jetpack_post_was_ever_published":false,"jetpack_publicize_message":"","jetpack_publicize_feature_enabled":true,"jetpack_social_post_already_shared":true,"jetpack_social_options":{"image_generator_settings":{"template":"highway","default_image_id":0,"font":"","enabled":false},"version":2}},"product_brand":[],"product_cat":[34,37,71,75],"product_tag":[78,42,76],"class_list":{"0":"post-71","1":"product","2":"type-product","3":"status-publish","4":"has-post-thumbnail","6":"wpc-brand-xitron","7":"product_cat-navigator-northstar","8":"product_cat-rip-software","9":"product_cat-windows","10":"product_cat-workflow","11":"product_tag-memjet","12":"product_tag-rip-software","13":"product_tag-workflow","14":"product_shipping_class-grossbrief","15":"pmpro-has-access","17":"first","18":"instock","19":"taxable","20":"shipping-taxable","21":"purchasable","22":"product-type-simple"},"yoast_head":"<!-- This site is optimized with the Yoast SEO plugin v27.3 - https:\/\/yoast.com\/product\/yoast-seo-wordpress\/ -->\n<title>Navigator Northstar DFE - Memjet Desktop Envelope &amp; Labels - PDF-Imposition Shop<\/title>\n<meta name=\"description\" content=\"Navigator Northstar DFE - Memjet Desktop Envelope &amp; Labels - PDF-Imposition Shop\" \/>\n<meta name=\"robots\" content=\"index, follow, max-snippet:-1, max-image-preview:large, max-video-preview:-1\" \/>\n<link rel=\"canonical\" href=\"https:\/\/pdf-imposition.shop\/?product=navigator-northstar-rip-workflow-2\" \/>\n<meta property=\"og:locale\" content=\"de_DE\" \/>\n<meta property=\"og:type\" content=\"article\" \/>\n<meta property=\"og:title\" content=\"Navigator Northstar DFE - Memjet Desktop Envelope &amp; Labels - PDF-Imposition Shop\" \/>\n<meta property=\"og:description\" content=\"Navigator Northstar DFE - Memjet Desktop Envelope &amp; Labels - PDF-Imposition Shop\" \/>\n<meta property=\"og:url\" content=\"https:\/\/pdf-imposition.shop\/?product=navigator-northstar-rip-workflow-2\" \/>\n<meta property=\"og:site_name\" content=\"PDF-Imposition Shop\" \/>\n<meta property=\"article:modified_time\" content=\"2026-03-20T11:32:37+00:00\" \/>\n<meta property=\"og:image\" content=\"http:\/\/pdf-imposition.shop\/wp-content\/uploads\/2018\/01\/screen_with_screenshot_small.jpg\" \/>\n\t<meta property=\"og:image:width\" content=\"3600\" \/>\n\t<meta property=\"og:image:height\" content=\"2400\" \/>\n\t<meta property=\"og:image:type\" content=\"image\/jpeg\" \/>\n<meta name=\"twitter:card\" content=\"summary_large_image\" \/>\n<meta name=\"twitter:label1\" content=\"Gesch\u00e4tzte Lesezeit\" \/>\n\t<meta name=\"twitter:data1\" content=\"3\u00a0Minuten\" \/>\n<script type=\"application\/ld+json\" class=\"yoast-schema-graph\">{\"@context\":\"https:\\\/\\\/schema.org\",\"@graph\":[{\"@type\":\"WebPage\",\"@id\":\"https:\\\/\\\/pdf-imposition.shop\\\/?product=navigator-northstar-rip-workflow-2\",\"url\":\"https:\\\/\\\/pdf-imposition.shop\\\/?product=navigator-northstar-rip-workflow-2\",\"name\":\"Navigator Northstar DFE - Memjet Desktop Envelope & Labels - PDF-Imposition Shop\",\"isPartOf\":{\"@id\":\"https:\\\/\\\/pdf-imposition.shop\\\/#website\"},\"primaryImageOfPage\":{\"@id\":\"https:\\\/\\\/pdf-imposition.shop\\\/?product=navigator-northstar-rip-workflow-2#primaryimage\"},\"image\":{\"@id\":\"https:\\\/\\\/pdf-imposition.shop\\\/?product=navigator-northstar-rip-workflow-2#primaryimage\"},\"thumbnailUrl\":\"https:\\\/\\\/pdf-imposition.shop\\\/wp-content\\\/uploads\\\/2018\\\/01\\\/screen_with_screenshot_small.jpg\",\"datePublished\":\"2018-01-06T09:18:07+00:00\",\"dateModified\":\"2026-03-20T11:32:37+00:00\",\"description\":\"Navigator Northstar DFE - Memjet Desktop Envelope & Labels - PDF-Imposition Shop\",\"breadcrumb\":{\"@id\":\"https:\\\/\\\/pdf-imposition.shop\\\/?product=navigator-northstar-rip-workflow-2#breadcrumb\"},\"inLanguage\":\"de\",\"potentialAction\":[{\"@type\":\"ReadAction\",\"target\":[\"https:\\\/\\\/pdf-imposition.shop\\\/?product=navigator-northstar-rip-workflow-2\"]}]},{\"@type\":\"ImageObject\",\"inLanguage\":\"de\",\"@id\":\"https:\\\/\\\/pdf-imposition.shop\\\/?product=navigator-northstar-rip-workflow-2#primaryimage\",\"url\":\"https:\\\/\\\/pdf-imposition.shop\\\/wp-content\\\/uploads\\\/2018\\\/01\\\/screen_with_screenshot_small.jpg\",\"contentUrl\":\"https:\\\/\\\/pdf-imposition.shop\\\/wp-content\\\/uploads\\\/2018\\\/01\\\/screen_with_screenshot_small.jpg\",\"width\":3600,\"height\":2400},{\"@type\":\"BreadcrumbList\",\"@id\":\"https:\\\/\\\/pdf-imposition.shop\\\/?product=navigator-northstar-rip-workflow-2#breadcrumb\",\"itemListElement\":[{\"@type\":\"ListItem\",\"position\":1,\"name\":\"Startseite\",\"item\":\"https:\\\/\\\/pdf-imposition.shop\\\/\"},{\"@type\":\"ListItem\",\"position\":2,\"name\":\"Shop\",\"item\":\"https:\\\/\\\/pdf-imposition.shop\\\/?page_id=4\"},{\"@type\":\"ListItem\",\"position\":3,\"name\":\"Navigator Northstar DFE &#8211; Memjet Desktop Envelope &#038; Labels\"}]},{\"@type\":\"WebSite\",\"@id\":\"https:\\\/\\\/pdf-imposition.shop\\\/#website\",\"url\":\"https:\\\/\\\/pdf-imposition.shop\\\/\",\"name\":\"PDF-Imposition Shop\",\"description\":\"Prepress Software Shop &amp; Service\",\"publisher\":{\"@id\":\"https:\\\/\\\/pdf-imposition.shop\\\/#organization\"},\"potentialAction\":[{\"@type\":\"SearchAction\",\"target\":{\"@type\":\"EntryPoint\",\"urlTemplate\":\"https:\\\/\\\/pdf-imposition.shop\\\/?s={search_term_string}\"},\"query-input\":{\"@type\":\"PropertyValueSpecification\",\"valueRequired\":true,\"valueName\":\"search_term_string\"}}],\"inLanguage\":\"de\"},{\"@type\":\"Organization\",\"@id\":\"https:\\\/\\\/pdf-imposition.shop\\\/#organization\",\"name\":\"PDF-Imposition Shop\",\"url\":\"https:\\\/\\\/pdf-imposition.shop\\\/\",\"logo\":{\"@type\":\"ImageObject\",\"inLanguage\":\"de\",\"@id\":\"https:\\\/\\\/pdf-imposition.shop\\\/#\\\/schema\\\/logo\\\/image\\\/\",\"url\":\"https:\\\/\\\/pdf-imposition.shop\\\/wp-content\\\/uploads\\\/2018\\\/03\\\/cropped-Shop-Header.jpg\",\"contentUrl\":\"https:\\\/\\\/pdf-imposition.shop\\\/wp-content\\\/uploads\\\/2018\\\/03\\\/cropped-Shop-Header.jpg\",\"width\":470,\"height\":110,\"caption\":\"PDF-Imposition Shop\"},\"image\":{\"@id\":\"https:\\\/\\\/pdf-imposition.shop\\\/#\\\/schema\\\/logo\\\/image\\\/\"}}]}<\/script>\n<!-- \/ Yoast SEO plugin. -->","yoast_head_json":{"title":"Navigator Northstar DFE - Memjet Desktop Envelope & Labels - PDF-Imposition Shop","description":"Navigator Northstar DFE - Memjet Desktop Envelope & Labels - PDF-Imposition Shop","robots":{"index":"index","follow":"follow","max-snippet":"max-snippet:-1","max-image-preview":"max-image-preview:large","max-video-preview":"max-video-preview:-1"},"canonical":"https:\/\/pdf-imposition.shop\/?product=navigator-northstar-rip-workflow-2","og_locale":"de_DE","og_type":"article","og_title":"Navigator Northstar DFE - Memjet Desktop Envelope & Labels - PDF-Imposition Shop","og_description":"Navigator Northstar DFE - Memjet Desktop Envelope & Labels - PDF-Imposition Shop","og_url":"https:\/\/pdf-imposition.shop\/?product=navigator-northstar-rip-workflow-2","og_site_name":"PDF-Imposition Shop","article_modified_time":"2026-03-20T11:32:37+00:00","og_image":[{"width":3600,"height":2400,"url":"http:\/\/pdf-imposition.shop\/wp-content\/uploads\/2018\/01\/screen_with_screenshot_small.jpg","type":"image\/jpeg"}],"twitter_card":"summary_large_image","twitter_misc":{"Gesch\u00e4tzte Lesezeit":"3\u00a0Minuten"},"schema":{"@context":"https:\/\/schema.org","@graph":[{"@type":"WebPage","@id":"https:\/\/pdf-imposition.shop\/?product=navigator-northstar-rip-workflow-2","url":"https:\/\/pdf-imposition.shop\/?product=navigator-northstar-rip-workflow-2","name":"Navigator Northstar DFE - Memjet Desktop Envelope & Labels - PDF-Imposition Shop","isPartOf":{"@id":"https:\/\/pdf-imposition.shop\/#website"},"primaryImageOfPage":{"@id":"https:\/\/pdf-imposition.shop\/?product=navigator-northstar-rip-workflow-2#primaryimage"},"image":{"@id":"https:\/\/pdf-imposition.shop\/?product=navigator-northstar-rip-workflow-2#primaryimage"},"thumbnailUrl":"https:\/\/pdf-imposition.shop\/wp-content\/uploads\/2018\/01\/screen_with_screenshot_small.jpg","datePublished":"2018-01-06T09:18:07+00:00","dateModified":"2026-03-20T11:32:37+00:00","description":"Navigator Northstar DFE - Memjet Desktop Envelope & Labels - PDF-Imposition Shop","breadcrumb":{"@id":"https:\/\/pdf-imposition.shop\/?product=navigator-northstar-rip-workflow-2#breadcrumb"},"inLanguage":"de","potentialAction":[{"@type":"ReadAction","target":["https:\/\/pdf-imposition.shop\/?product=navigator-northstar-rip-workflow-2"]}]},{"@type":"ImageObject","inLanguage":"de","@id":"https:\/\/pdf-imposition.shop\/?product=navigator-northstar-rip-workflow-2#primaryimage","url":"https:\/\/pdf-imposition.shop\/wp-content\/uploads\/2018\/01\/screen_with_screenshot_small.jpg","contentUrl":"https:\/\/pdf-imposition.shop\/wp-content\/uploads\/2018\/01\/screen_with_screenshot_small.jpg","width":3600,"height":2400},{"@type":"BreadcrumbList","@id":"https:\/\/pdf-imposition.shop\/?product=navigator-northstar-rip-workflow-2#breadcrumb","itemListElement":[{"@type":"ListItem","position":1,"name":"Startseite","item":"https:\/\/pdf-imposition.shop\/"},{"@type":"ListItem","position":2,"name":"Shop","item":"https:\/\/pdf-imposition.shop\/?page_id=4"},{"@type":"ListItem","position":3,"name":"Navigator Northstar DFE &#8211; Memjet Desktop Envelope &#038; Labels"}]},{"@type":"WebSite","@id":"https:\/\/pdf-imposition.shop\/#website","url":"https:\/\/pdf-imposition.shop\/","name":"PDF-Imposition Shop","description":"Prepress Software Shop &amp; Service","publisher":{"@id":"https:\/\/pdf-imposition.shop\/#organization"},"potentialAction":[{"@type":"SearchAction","target":{"@type":"EntryPoint","urlTemplate":"https:\/\/pdf-imposition.shop\/?s={search_term_string}"},"query-input":{"@type":"PropertyValueSpecification","valueRequired":true,"valueName":"search_term_string"}}],"inLanguage":"de"},{"@type":"Organization","@id":"https:\/\/pdf-imposition.shop\/#organization","name":"PDF-Imposition Shop","url":"https:\/\/pdf-imposition.shop\/","logo":{"@type":"ImageObject","inLanguage":"de","@id":"https:\/\/pdf-imposition.shop\/#\/schema\/logo\/image\/","url":"https:\/\/pdf-imposition.shop\/wp-content\/uploads\/2018\/03\/cropped-Shop-Header.jpg","contentUrl":"https:\/\/pdf-imposition.shop\/wp-content\/uploads\/2018\/03\/cropped-Shop-Header.jpg","width":470,"height":110,"caption":"PDF-Imposition Shop"},"image":{"@id":"https:\/\/pdf-imposition.shop\/#\/schema\/logo\/image\/"}}]}},"jetpack_publicize_connections":[],"jetpack_sharing_enabled":true,"_links":{"self":[{"href":"https:\/\/pdf-imposition.shop\/index.php?rest_route=\/wp\/v2\/product\/71","targetHints":{"allow":["GET"]}}],"collection":[{"href":"https:\/\/pdf-imposition.shop\/index.php?rest_route=\/wp\/v2\/product"}],"about":[{"href":"https:\/\/pdf-imposition.shop\/index.php?rest_route=\/wp\/v2\/types\/product"}],"wp:featuredmedia":[{"embeddable":true,"href":"https:\/\/pdf-imposition.shop\/index.php?rest_route=\/wp\/v2\/media\/122"}],"wp:attachment":[{"href":"https:\/\/pdf-imposition.shop\/index.php?rest_route=%2Fwp%2Fv2%2Fmedia&parent=71"}],"wp:term":[{"taxonomy":"product_brand","embeddable":true,"href":"https:\/\/pdf-imposition.shop\/index.php?rest_route=%2Fwp%2Fv2%2Fproduct_brand&post=71"},{"taxonomy":"product_cat","embeddable":true,"href":"https:\/\/pdf-imposition.shop\/index.php?rest_route=%2Fwp%2Fv2%2Fproduct_cat&post=71"},{"taxonomy":"product_tag","embeddable":true,"href":"https:\/\/pdf-imposition.shop\/index.php?rest_route=%2Fwp%2Fv2%2Fproduct_tag&post=71"}],"curies":[{"name":"wp","href":"https:\/\/api.w.org\/{rel}","templated":true}]}}