{"id":402,"date":"2018-03-30T19:06:51","date_gmt":"2018-03-30T17:06:51","guid":{"rendered":"http:\/\/pdf-imposition.shop\/?post_type=product&#038;p=402"},"modified":"2026-03-29T12:43:59","modified_gmt":"2026-03-29T10:43:59","slug":"navigator-inkjet-direct-rip-workflow","status":"publish","type":"product","link":"https:\/\/pdf-imposition.shop\/?product=navigator-inkjet-direct-rip-workflow","title":{"rendered":"Navigator Inkjet Direct RIP &#038; Workflow"},"content":{"rendered":"<h2><span class=\"\" lang=\"de\" tabindex=\"-1\"><img loading=\"lazy\" decoding=\"async\" class=\"alignnone size-full wp-image-121\" src=\"http:\/\/pdf-imposition.shop\/wp-content\/uploads\/2018\/01\/Navigator-Logo.png\" alt=\"\" width=\"175\" height=\"117\" \/><\/span><\/h2>\n<h2>Navigator Inkjet Direct RIP &amp; Workflow<\/h2>\n<p><strong><span id=\"result_box\" class=\"\" lang=\"de\" tabindex=\"-1\"><span title=\"The path to Prepress Independence\u00ae \">Der Weg zur &lt; Prepress Independence\u00ae &gt;<\/span><\/span><\/strong><\/p>\n<p><span id=\"result_box\" class=\"\" lang=\"de\" tabindex=\"-1\"><span title=\"Inkjet Direct \"><strong>Direkte Inkjet-Ausgabe<\/strong><br \/>\n<\/span><span title=\"Xitron\u2019s Inkjet Direct (IJD) plug-in for the Harlequin RIP allows you to output film positives using Epson printers.\">Mit dem Xitron Inkjet Direct RIP &amp; Workflow k\u00f6nnen Sie Filmpositive (Inkjet CTF) und Metalldruckplatten (Inkjet CTP) mit Epson-Druckern ausgeben. <\/span><span title=\"Specifically designed to give you fine ink control beyond the capabilities of the Epson print driver, IJD offers professional imaging results without an imagesetter or chemical processor, both of which can be costly to maintain.\">Speziell entwickelt, um Ihnen eine feine Tintenkontrolle zu erm\u00f6glichen, die \u00fcber die F\u00e4higkeiten des Epson-Druckertreibers hinausgeht, bietet IJD professionelle Bildergebnisse ohne einen Belichter oder chemischen Prozessor, die beide kostspielig in der Wartung sein k\u00f6nnen. <\/span><span title=\"Using Epson UltraChrome&#x2122; HD pigment ink, developed and certified for use in screen printing applications, IJD is capable of producing film with a Dmax up to 4.0. \">Mit Epson UltraChrome &#x2122; HD Pigmenttinte, die f\u00fcr Siebdruckanwendungen entwickelt und zertifiziert wurde, kann IJD Filme mit einem Dmax von bis zu 4,0 produzieren.<\/span><\/span><\/p>\n<p><strong>Navigator RIP &amp; Workflow<\/strong><br \/>\n<span title=\"Because the Navigator RIP and workflow are the heart of the system, all the benefits of using a professional RIP apply to your film production.\">Da der Navigator RIP und der Workflow (+2 Clients) das Herzst\u00fcck des Systems bilden, gelten alle Vorteile eines professionellen RIP f\u00fcr Ihre Filmproduktion. <\/span><span title=\"These include precision screening, minimum dot control, calibrated accuracy, and native PDF processing.\">Dazu geh\u00f6ren Pr\u00e4zisionsscreening, minimale Punktkontrolle, kalibrierte Genauigkeit und native PDF-Verarbeitung. <\/span><span title=\"The workflow module provides job management, enhanced preview capability, and accessibility from any Mac or PC on your network. \">Das Workflow-Modul bietet Job-Management, erweiterte Vorschaufunktionen und Zugriffsm\u00f6glichkeiten von jedem Mac oder PC in Ihrem Netzwerk.<\/span><\/p>\n<p><span title=\"IJD is also capable of producing metal printing plates through the supported Epson printers, which are listed below. \">Xitron Inkjet Direct (IJD) ist auch in der Lage, Metalldruckplatten \u00fcber die unten aufgef\u00fchrten unterst\u00fctzten Epson-Drucker herzustellen:<\/span><\/p>\n<p>&nbsp;<\/p>\n<ul>\n<li><span id=\"result_box\" class=\"\" lang=\"de\" tabindex=\"-1\"><span title=\"Epson SureColor T3000 \">Epson SureColor T3000<\/span><\/span><\/li>\n<li><span id=\"result_box\" class=\"\" lang=\"de\" tabindex=\"-1\"><span title=\"Epson SureColor T3270 \">Epson SureColor T3200\/3270<\/span><\/span><\/li>\n<li><span id=\"result_box\" class=\"\" lang=\"de\" tabindex=\"-1\"><span title=\"Epson SureColor T5000 \">Epson SureColor T5000<\/span><\/span><\/li>\n<li><span id=\"result_box\" class=\"\" lang=\"de\" tabindex=\"-1\"><span title=\"Epson SureColor T5270 \">Epson SureColor T5200\/5270<\/span><\/span><\/li>\n<li><span id=\"result_box\" class=\"\" lang=\"de\" tabindex=\"-1\"><span title=\"Epson SureColor T7000 \">Epson SureColor T7000<\/span><\/span><\/li>\n<li><span id=\"result_box\" class=\"\" lang=\"de\" tabindex=\"-1\"><span title=\"Epson SureColor T7270 \">Epson SureColor T7200\/7270<\/span><\/span><\/li>\n<li><span id=\"result_box\" class=\"\" lang=\"de\" tabindex=\"-1\"><span title=\"Espon Stylus Pro 4900 \">Epson Stylus Pro 4800\/4880\/4900<\/span><\/span><\/li>\n<li><span id=\"result_box\" class=\"\" lang=\"de\" tabindex=\"-1\"><span title=\"Epson SureColor 7900 \">Epson Stylus Pro 7700\/7800\/7880\/7890\/7900<\/span><\/span><\/li>\n<li><span id=\"result_box\" class=\"\" lang=\"de\" tabindex=\"-1\"><span title=\"Epson SureColor 9900 \">Epson Stylus Pro 9700\/9800\/9880\/9890\/9900<\/span><\/span><\/li>\n<\/ul>\n<p>Hier die Produktbrosch\u00fcre:<\/p>\n<p><a href=\"http:\/\/pdf-imposition.shop\/wp-content\/uploads\/2018\/03\/navigator_brochure.pdf\" target=\"_blank\" rel=\"noopener\"><strong>Navigator-Workflow_Brosch\u00fcre<\/strong><\/a><\/p>\n<p><span class=\"\">\u00a0<\/span><\/p>\n","protected":false},"excerpt":{"rendered":"<p><span class=\"\" lang=\"de\" tabindex=\"-1\"><span title=\"Xitron\u2019s Inkjet Direct (IJD) plug-in for the Harlequin RIP allows you to output film positives using Epson printers.\">Mit dem Xitron Inkjet Direct RIP &amp; Workflow k\u00f6nnen Sie Filmpositive (Inkjet CTF) und Metalldruckplatten (Inkjet CTP) mit Epson-Druckern ausgeben.<br \/>\n<\/span><\/span><\/p>\n<p><span class=\"\" lang=\"de\" tabindex=\"-1\"><span title=\"Xitron\u2019s Navigator Harlequin RIP is a best-in-class implementation of Global Graphic\u2019s Harlequin RIP technology.\"><strong>Schnellere Verarbeitung, pr\u00e4zise Ergebnisse, stabile Workflows \u2013 mit Navigator RIP<\/strong><br \/>\nHochperformante RIP-Software f\u00fcr maximale Kontrolle im Prepress. Optimieren Sie Ihre Druckdatenverarbeitung und bringen Sie Ihren Workflow auf ein neues Leistungsniveau.<br \/>\n<strong>Ihre Vorteile auf einem Blick:<\/strong><br \/>\n<\/span><\/span><\/p>\n<ul>\n<li data-section-id=\"13a8lv4\" data-start=\"1399\" data-end=\"1474\"><strong data-start=\"1404\" data-end=\"1422\">High-Speed RIP<\/strong> \u2013 ideal f\u00fcr gro\u00dfe Datenmengen und hohe Auslastung<\/li>\n<li data-section-id=\"1ulnfw2\" data-start=\"1475\" data-end=\"1538\"><strong data-start=\"1480\" data-end=\"1507\">Pr\u00e4zise Ausgabequalit\u00e4t<\/strong> \u2013 auch bei komplexen Layouts<\/li>\n<li data-section-id=\"ali1ei\" data-start=\"1539\" data-end=\"1603\"><strong data-start=\"1544\" data-end=\"1572\">Workflow-Automatisierung<\/strong> \u2013 weniger manuelle Eingriffe<\/li>\n<li data-section-id=\"8au7qj\" data-start=\"1604\" data-end=\"1673\"><strong data-start=\"1609\" data-end=\"1633\">Nahtlose Integration<\/strong> \u2013 kompatibel mit bestehenden Systemen<\/li>\n<li data-section-id=\"17vl9kw\" data-start=\"1674\" data-end=\"1732\"><strong data-start=\"1679\" data-end=\"1697\">Skalierbarkeit<\/strong> \u2013 w\u00e4chst mit Ihren Anforderungen<\/li>\n<\/ul>\n<p>&nbsp;<\/p>\n<p>&nbsp;<\/p>\n<p><span id=\"result_box\" class=\"\" lang=\"de\" tabindex=\"-1\"><span title=\"Xitron\u2019s Inkjet Direct (IJD) plug-in for the Harlequin RIP allows you to output film positives using Epson printers.\">\u00a0<\/span><\/span><\/p>\n","protected":false},"featured_media":127,"template":"","meta":{"pmpro_default_level":"","jetpack_post_was_ever_published":false,"jetpack_publicize_message":"","jetpack_publicize_feature_enabled":true,"jetpack_social_post_already_shared":true,"jetpack_social_options":{"image_generator_settings":{"template":"highway","default_image_id":0,"font":"","enabled":false},"version":2}},"product_brand":[],"product_cat":[82,45,37,71,75],"product_tag":[89,213,42,88,76],"class_list":{"0":"post-402","1":"product","2":"type-product","3":"status-publish","4":"has-post-thumbnail","6":"wpc-brand-xitron","7":"product_cat-inkjet-print","8":"product_cat-inkjet-rip","9":"product_cat-rip-software","10":"product_cat-windows","11":"product_cat-workflow","12":"product_tag-harlequin","13":"product_tag-rip-software-kaufen","14":"product_tag-rip-software","15":"product_tag-scriptworks","16":"product_tag-workflow","17":"product_shipping_class-grossbrief","18":"pmpro-has-access","20":"first","21":"instock","22":"taxable","23":"shipping-taxable","24":"purchasable","25":"product-type-simple"},"yoast_head":"<!-- This site is optimized with the Yoast SEO plugin v27.3 - https:\/\/yoast.com\/product\/yoast-seo-wordpress\/ -->\n<title>Navigator Inkjet Direct RIP &amp; Workflow - PDF-Imposition Shop<\/title>\n<meta name=\"robots\" content=\"index, follow, max-snippet:-1, max-image-preview:large, max-video-preview:-1\" \/>\n<link rel=\"canonical\" href=\"https:\/\/pdf-imposition.shop\/?product=navigator-inkjet-direct-rip-workflow\" \/>\n<meta property=\"og:locale\" content=\"de_DE\" \/>\n<meta property=\"og:type\" content=\"article\" \/>\n<meta property=\"og:title\" content=\"Navigator Inkjet Direct RIP &amp; Workflow - PDF-Imposition Shop\" \/>\n<meta property=\"og:description\" content=\"Mit dem Xitron Inkjet Direct RIP &amp; Workflow k\u00f6nnen Sie Filmpositive (Inkjet CTF) und Metalldruckplatten (Inkjet CTP) mit Epson-Druckern ausgeben.   Schnellere Verarbeitung, pr\u00e4zise Ergebnisse, stabile Workflows \u2013 mit Navigator RIP Hochperformante RIP-Software f\u00fcr maximale Kontrolle im Prepress. Optimieren Sie Ihre Druckdatenverarbeitung und bringen Sie Ihren Workflow auf ein neues Leistungsniveau. Ihre Vorteile auf einem Blick:    High-Speed RIP \u2013 ideal f\u00fcr gro\u00dfe Datenmengen und hohe Auslastung  Pr\u00e4zise Ausgabequalit\u00e4t \u2013 auch bei komplexen Layouts  Workflow-Automatisierung \u2013 weniger manuelle Eingriffe  Nahtlose Integration \u2013 kompatibel mit bestehenden Systemen  Skalierbarkeit \u2013 w\u00e4chst mit Ihren Anforderungen  &nbsp;  &nbsp;  \u00a0\" \/>\n<meta property=\"og:url\" content=\"https:\/\/pdf-imposition.shop\/?product=navigator-inkjet-direct-rip-workflow\" \/>\n<meta property=\"og:site_name\" content=\"PDF-Imposition Shop\" \/>\n<meta property=\"article:modified_time\" content=\"2026-03-29T10:43:59+00:00\" \/>\n<meta property=\"og:image\" content=\"http:\/\/pdf-imposition.shop\/wp-content\/uploads\/2018\/03\/Navigator_Harlequin_RIP11.jpg\" \/>\n\t<meta property=\"og:image:width\" content=\"390\" \/>\n\t<meta property=\"og:image:height\" content=\"391\" \/>\n\t<meta property=\"og:image:type\" content=\"image\/jpeg\" \/>\n<meta name=\"twitter:card\" content=\"summary_large_image\" \/>\n<meta name=\"twitter:label1\" content=\"Gesch\u00e4tzte Lesezeit\" \/>\n\t<meta name=\"twitter:data1\" content=\"2\u00a0Minuten\" \/>\n<script type=\"application\/ld+json\" class=\"yoast-schema-graph\">{\"@context\":\"https:\\\/\\\/schema.org\",\"@graph\":[{\"@type\":\"WebPage\",\"@id\":\"https:\\\/\\\/pdf-imposition.shop\\\/?product=navigator-inkjet-direct-rip-workflow\",\"url\":\"https:\\\/\\\/pdf-imposition.shop\\\/?product=navigator-inkjet-direct-rip-workflow\",\"name\":\"Navigator Inkjet Direct RIP & Workflow - PDF-Imposition Shop\",\"isPartOf\":{\"@id\":\"https:\\\/\\\/pdf-imposition.shop\\\/#website\"},\"primaryImageOfPage\":{\"@id\":\"https:\\\/\\\/pdf-imposition.shop\\\/?product=navigator-inkjet-direct-rip-workflow#primaryimage\"},\"image\":{\"@id\":\"https:\\\/\\\/pdf-imposition.shop\\\/?product=navigator-inkjet-direct-rip-workflow#primaryimage\"},\"thumbnailUrl\":\"https:\\\/\\\/pdf-imposition.shop\\\/wp-content\\\/uploads\\\/2018\\\/03\\\/Navigator_Harlequin_RIP11.jpg\",\"datePublished\":\"2018-03-30T17:06:51+00:00\",\"dateModified\":\"2026-03-29T10:43:59+00:00\",\"breadcrumb\":{\"@id\":\"https:\\\/\\\/pdf-imposition.shop\\\/?product=navigator-inkjet-direct-rip-workflow#breadcrumb\"},\"inLanguage\":\"de\",\"potentialAction\":[{\"@type\":\"ReadAction\",\"target\":[\"https:\\\/\\\/pdf-imposition.shop\\\/?product=navigator-inkjet-direct-rip-workflow\"]}]},{\"@type\":\"ImageObject\",\"inLanguage\":\"de\",\"@id\":\"https:\\\/\\\/pdf-imposition.shop\\\/?product=navigator-inkjet-direct-rip-workflow#primaryimage\",\"url\":\"https:\\\/\\\/pdf-imposition.shop\\\/wp-content\\\/uploads\\\/2018\\\/03\\\/Navigator_Harlequin_RIP11.jpg\",\"contentUrl\":\"https:\\\/\\\/pdf-imposition.shop\\\/wp-content\\\/uploads\\\/2018\\\/03\\\/Navigator_Harlequin_RIP11.jpg\",\"width\":390,\"height\":391,\"caption\":\"Blank White DVD Case with Blank Disc Isolated on White Background.\"},{\"@type\":\"BreadcrumbList\",\"@id\":\"https:\\\/\\\/pdf-imposition.shop\\\/?product=navigator-inkjet-direct-rip-workflow#breadcrumb\",\"itemListElement\":[{\"@type\":\"ListItem\",\"position\":1,\"name\":\"Startseite\",\"item\":\"https:\\\/\\\/pdf-imposition.shop\\\/\"},{\"@type\":\"ListItem\",\"position\":2,\"name\":\"Shop\",\"item\":\"https:\\\/\\\/pdf-imposition.shop\\\/?page_id=4\"},{\"@type\":\"ListItem\",\"position\":3,\"name\":\"Navigator Inkjet Direct RIP &#038; Workflow\"}]},{\"@type\":\"WebSite\",\"@id\":\"https:\\\/\\\/pdf-imposition.shop\\\/#website\",\"url\":\"https:\\\/\\\/pdf-imposition.shop\\\/\",\"name\":\"PDF-Imposition Shop\",\"description\":\"Prepress Software Shop &amp; Service\",\"publisher\":{\"@id\":\"https:\\\/\\\/pdf-imposition.shop\\\/#organization\"},\"potentialAction\":[{\"@type\":\"SearchAction\",\"target\":{\"@type\":\"EntryPoint\",\"urlTemplate\":\"https:\\\/\\\/pdf-imposition.shop\\\/?s={search_term_string}\"},\"query-input\":{\"@type\":\"PropertyValueSpecification\",\"valueRequired\":true,\"valueName\":\"search_term_string\"}}],\"inLanguage\":\"de\"},{\"@type\":\"Organization\",\"@id\":\"https:\\\/\\\/pdf-imposition.shop\\\/#organization\",\"name\":\"PDF-Imposition Shop\",\"url\":\"https:\\\/\\\/pdf-imposition.shop\\\/\",\"logo\":{\"@type\":\"ImageObject\",\"inLanguage\":\"de\",\"@id\":\"https:\\\/\\\/pdf-imposition.shop\\\/#\\\/schema\\\/logo\\\/image\\\/\",\"url\":\"https:\\\/\\\/pdf-imposition.shop\\\/wp-content\\\/uploads\\\/2018\\\/03\\\/cropped-Shop-Header.jpg\",\"contentUrl\":\"https:\\\/\\\/pdf-imposition.shop\\\/wp-content\\\/uploads\\\/2018\\\/03\\\/cropped-Shop-Header.jpg\",\"width\":470,\"height\":110,\"caption\":\"PDF-Imposition Shop\"},\"image\":{\"@id\":\"https:\\\/\\\/pdf-imposition.shop\\\/#\\\/schema\\\/logo\\\/image\\\/\"}}]}<\/script>\n<!-- \/ Yoast SEO plugin. -->","yoast_head_json":{"title":"Navigator Inkjet Direct RIP & Workflow - PDF-Imposition Shop","robots":{"index":"index","follow":"follow","max-snippet":"max-snippet:-1","max-image-preview":"max-image-preview:large","max-video-preview":"max-video-preview:-1"},"canonical":"https:\/\/pdf-imposition.shop\/?product=navigator-inkjet-direct-rip-workflow","og_locale":"de_DE","og_type":"article","og_title":"Navigator Inkjet Direct RIP & Workflow - PDF-Imposition Shop","og_description":"Mit dem Xitron Inkjet Direct RIP &amp; Workflow k\u00f6nnen Sie Filmpositive (Inkjet CTF) und Metalldruckplatten (Inkjet CTP) mit Epson-Druckern ausgeben.   Schnellere Verarbeitung, pr\u00e4zise Ergebnisse, stabile Workflows \u2013 mit Navigator RIP Hochperformante RIP-Software f\u00fcr maximale Kontrolle im Prepress. Optimieren Sie Ihre Druckdatenverarbeitung und bringen Sie Ihren Workflow auf ein neues Leistungsniveau. Ihre Vorteile auf einem Blick:    High-Speed RIP \u2013 ideal f\u00fcr gro\u00dfe Datenmengen und hohe Auslastung  Pr\u00e4zise Ausgabequalit\u00e4t \u2013 auch bei komplexen Layouts  Workflow-Automatisierung \u2013 weniger manuelle Eingriffe  Nahtlose Integration \u2013 kompatibel mit bestehenden Systemen  Skalierbarkeit \u2013 w\u00e4chst mit Ihren Anforderungen  &nbsp;  &nbsp;  \u00a0","og_url":"https:\/\/pdf-imposition.shop\/?product=navigator-inkjet-direct-rip-workflow","og_site_name":"PDF-Imposition Shop","article_modified_time":"2026-03-29T10:43:59+00:00","og_image":[{"width":390,"height":391,"url":"http:\/\/pdf-imposition.shop\/wp-content\/uploads\/2018\/03\/Navigator_Harlequin_RIP11.jpg","type":"image\/jpeg"}],"twitter_card":"summary_large_image","twitter_misc":{"Gesch\u00e4tzte Lesezeit":"2\u00a0Minuten"},"schema":{"@context":"https:\/\/schema.org","@graph":[{"@type":"WebPage","@id":"https:\/\/pdf-imposition.shop\/?product=navigator-inkjet-direct-rip-workflow","url":"https:\/\/pdf-imposition.shop\/?product=navigator-inkjet-direct-rip-workflow","name":"Navigator Inkjet Direct RIP & Workflow - PDF-Imposition Shop","isPartOf":{"@id":"https:\/\/pdf-imposition.shop\/#website"},"primaryImageOfPage":{"@id":"https:\/\/pdf-imposition.shop\/?product=navigator-inkjet-direct-rip-workflow#primaryimage"},"image":{"@id":"https:\/\/pdf-imposition.shop\/?product=navigator-inkjet-direct-rip-workflow#primaryimage"},"thumbnailUrl":"https:\/\/pdf-imposition.shop\/wp-content\/uploads\/2018\/03\/Navigator_Harlequin_RIP11.jpg","datePublished":"2018-03-30T17:06:51+00:00","dateModified":"2026-03-29T10:43:59+00:00","breadcrumb":{"@id":"https:\/\/pdf-imposition.shop\/?product=navigator-inkjet-direct-rip-workflow#breadcrumb"},"inLanguage":"de","potentialAction":[{"@type":"ReadAction","target":["https:\/\/pdf-imposition.shop\/?product=navigator-inkjet-direct-rip-workflow"]}]},{"@type":"ImageObject","inLanguage":"de","@id":"https:\/\/pdf-imposition.shop\/?product=navigator-inkjet-direct-rip-workflow#primaryimage","url":"https:\/\/pdf-imposition.shop\/wp-content\/uploads\/2018\/03\/Navigator_Harlequin_RIP11.jpg","contentUrl":"https:\/\/pdf-imposition.shop\/wp-content\/uploads\/2018\/03\/Navigator_Harlequin_RIP11.jpg","width":390,"height":391,"caption":"Blank White DVD Case with Blank Disc Isolated on White Background."},{"@type":"BreadcrumbList","@id":"https:\/\/pdf-imposition.shop\/?product=navigator-inkjet-direct-rip-workflow#breadcrumb","itemListElement":[{"@type":"ListItem","position":1,"name":"Startseite","item":"https:\/\/pdf-imposition.shop\/"},{"@type":"ListItem","position":2,"name":"Shop","item":"https:\/\/pdf-imposition.shop\/?page_id=4"},{"@type":"ListItem","position":3,"name":"Navigator Inkjet Direct RIP &#038; Workflow"}]},{"@type":"WebSite","@id":"https:\/\/pdf-imposition.shop\/#website","url":"https:\/\/pdf-imposition.shop\/","name":"PDF-Imposition Shop","description":"Prepress Software Shop &amp; Service","publisher":{"@id":"https:\/\/pdf-imposition.shop\/#organization"},"potentialAction":[{"@type":"SearchAction","target":{"@type":"EntryPoint","urlTemplate":"https:\/\/pdf-imposition.shop\/?s={search_term_string}"},"query-input":{"@type":"PropertyValueSpecification","valueRequired":true,"valueName":"search_term_string"}}],"inLanguage":"de"},{"@type":"Organization","@id":"https:\/\/pdf-imposition.shop\/#organization","name":"PDF-Imposition Shop","url":"https:\/\/pdf-imposition.shop\/","logo":{"@type":"ImageObject","inLanguage":"de","@id":"https:\/\/pdf-imposition.shop\/#\/schema\/logo\/image\/","url":"https:\/\/pdf-imposition.shop\/wp-content\/uploads\/2018\/03\/cropped-Shop-Header.jpg","contentUrl":"https:\/\/pdf-imposition.shop\/wp-content\/uploads\/2018\/03\/cropped-Shop-Header.jpg","width":470,"height":110,"caption":"PDF-Imposition Shop"},"image":{"@id":"https:\/\/pdf-imposition.shop\/#\/schema\/logo\/image\/"}}]}},"jetpack_publicize_connections":[],"jetpack_sharing_enabled":true,"_links":{"self":[{"href":"https:\/\/pdf-imposition.shop\/index.php?rest_route=\/wp\/v2\/product\/402","targetHints":{"allow":["GET"]}}],"collection":[{"href":"https:\/\/pdf-imposition.shop\/index.php?rest_route=\/wp\/v2\/product"}],"about":[{"href":"https:\/\/pdf-imposition.shop\/index.php?rest_route=\/wp\/v2\/types\/product"}],"wp:featuredmedia":[{"embeddable":true,"href":"https:\/\/pdf-imposition.shop\/index.php?rest_route=\/wp\/v2\/media\/127"}],"wp:attachment":[{"href":"https:\/\/pdf-imposition.shop\/index.php?rest_route=%2Fwp%2Fv2%2Fmedia&parent=402"}],"wp:term":[{"taxonomy":"product_brand","embeddable":true,"href":"https:\/\/pdf-imposition.shop\/index.php?rest_route=%2Fwp%2Fv2%2Fproduct_brand&post=402"},{"taxonomy":"product_cat","embeddable":true,"href":"https:\/\/pdf-imposition.shop\/index.php?rest_route=%2Fwp%2Fv2%2Fproduct_cat&post=402"},{"taxonomy":"product_tag","embeddable":true,"href":"https:\/\/pdf-imposition.shop\/index.php?rest_route=%2Fwp%2Fv2%2Fproduct_tag&post=402"}],"curies":[{"name":"wp","href":"https:\/\/api.w.org\/{rel}","templated":true}]}}