{"id":400,"date":"2018-03-30T18:49:26","date_gmt":"2018-03-30T16:49:26","guid":{"rendered":"http:\/\/pdf-imposition.shop\/?post_type=product&#038;p=400"},"modified":"2026-03-01T10:18:46","modified_gmt":"2026-03-01T09:18:46","slug":"simple-imposition-fuer-navigator-rip-v11-x","status":"publish","type":"product","link":"https:\/\/pdf-imposition.shop\/?product=simple-imposition-fuer-navigator-rip-v11-x","title":{"rendered":"Simple Imposition f\u00fcr Navigator RIP v14.x"},"content":{"rendered":"<h2><span class=\"\" lang=\"de\" tabindex=\"-1\"><img loading=\"lazy\" decoding=\"async\" class=\"alignnone size-full wp-image-121\" src=\"http:\/\/pdf-imposition.shop\/wp-content\/uploads\/2018\/01\/Navigator-Logo.png\" alt=\"\" width=\"175\" height=\"117\" \/><\/span><\/h2>\n<h2>Simple Imposition f\u00fcr Xitron Navigator RIP v14.x<\/h2>\n<p><span id=\"result_box\" class=\"\" lang=\"de\" tabindex=\"-1\"><span title=\"Providing prepress environments with fast, predictable, and reliable interpretation of PostScript, PDF, and EPS format files, Navigator is the most trusted name in RIP architecture with over 30,000 installations worldwide. \">Simple Imposition, das einfache Ausschie\u00dfen &#8211; Harlequin RIP Simple Imposition ist ein benutzerfreundliches Werkzeug, das f\u00fcr die h\u00e4ufigsten Ausschie\u00dflayout-Schemata entwickelt wurde und h\u00e4ufig eine separate Ausschie\u00dfanwendung \u00fcberfl\u00fcssig macht. Es kann in einem eigenst\u00e4ndigen Navigator-RIP oder in Verbindung mit dem Navigator-Workflow verwendet werden.<br \/>\n<\/span><\/span><span id=\"result_box\" class=\"\" lang=\"de\" tabindex=\"-1\"> <\/span><\/p>\n<p><span style=\"color: #0da4d3;\"><strong>Virtuelles Produkt &#8211; Option ist zusammen mit Navigator RIP v14.x vorinstalliert. Soft Lock (SL) Code Lizenzierung erfolgt per Kundenmail und aktiviert das Plug-in.<\/strong><\/span><\/p>\n<p>&nbsp;<\/p>\n<p>&nbsp;<\/p>\n","protected":false},"excerpt":{"rendered":"<p><span id=\"result_box\" class=\"\" lang=\"de\" tabindex=\"-1\"><span title=\"Providing prepress environments with fast, predictable, and reliable interpretation of PostScript, PDF, and EPS format files, Navigator is the most trusted name in RIP architecture with over 30,000 installations worldwide. \">Simple Imposition ist ein benutzerfreundliches Werkzeug, das f\u00fcr die h\u00e4ufigsten Ausschie\u00dflayout-Schemata entwickelt wurde und h\u00e4ufig eine separate Ausschie\u00dfanwendung \u00fcberfl\u00fcssig macht.<\/span><\/span><\/p>\n","protected":false},"featured_media":606,"template":"","meta":{"pmpro_default_level":"","jetpack_post_was_ever_published":false,"jetpack_publicize_message":"","jetpack_publicize_feature_enabled":true,"jetpack_social_post_already_shared":true,"jetpack_social_options":{"image_generator_settings":{"template":"highway","default_image_id":0,"font":"","enabled":false},"version":2}},"product_brand":[],"product_cat":[101,54,39,71],"product_tag":[59,60],"class_list":{"0":"post-400","1":"product","2":"type-product","3":"status-publish","4":"has-post-thumbnail","6":"wpc-brand-xitron","7":"product_cat-ausschiessen","8":"product_cat-ausschiesssoftware","9":"product_cat-rip-optionen","10":"product_cat-windows","11":"product_tag-ausschiesssoftware","12":"product_tag-bogenmontage","13":"pmpro-has-access","15":"first","16":"instock","17":"virtual","18":"taxable","19":"purchasable","20":"product-type-simple"},"yoast_head":"<!-- This site is optimized with the Yoast SEO plugin v27.3 - https:\/\/yoast.com\/product\/yoast-seo-wordpress\/ -->\n<title>Simple Imposition f\u00fcr Navigator RIP v14.x - PDF-Imposition Shop<\/title>\n<meta name=\"description\" content=\"Simple Imposition f\u00fcr Navigator RIP v14.x - PDF-Imposition Shop\" \/>\n<meta name=\"robots\" content=\"index, follow, max-snippet:-1, max-image-preview:large, max-video-preview:-1\" \/>\n<link rel=\"canonical\" href=\"https:\/\/pdf-imposition.shop\/?product=simple-imposition-fuer-navigator-rip-v11-x\" \/>\n<meta property=\"og:locale\" content=\"de_DE\" \/>\n<meta property=\"og:type\" content=\"article\" \/>\n<meta property=\"og:title\" content=\"Simple Imposition f\u00fcr Navigator RIP v14.x - PDF-Imposition Shop\" \/>\n<meta property=\"og:description\" content=\"Simple Imposition f\u00fcr Navigator RIP v14.x - PDF-Imposition Shop\" \/>\n<meta property=\"og:url\" content=\"https:\/\/pdf-imposition.shop\/?product=simple-imposition-fuer-navigator-rip-v11-x\" \/>\n<meta property=\"og:site_name\" content=\"PDF-Imposition Shop\" \/>\n<meta property=\"article:modified_time\" content=\"2026-03-01T09:18:46+00:00\" \/>\n<meta property=\"og:image\" content=\"http:\/\/pdf-imposition.shop\/wp-content\/uploads\/2018\/03\/Imposition-SetUp.jpg\" \/>\n\t<meta property=\"og:image:width\" content=\"946\" \/>\n\t<meta property=\"og:image:height\" content=\"563\" \/>\n\t<meta property=\"og:image:type\" content=\"image\/jpeg\" \/>\n<meta name=\"twitter:card\" content=\"summary_large_image\" \/>\n<meta name=\"twitter:label1\" content=\"Gesch\u00e4tzte Lesezeit\" \/>\n\t<meta name=\"twitter:data1\" content=\"1\u00a0Minute\" \/>\n<script type=\"application\/ld+json\" class=\"yoast-schema-graph\">{\"@context\":\"https:\\\/\\\/schema.org\",\"@graph\":[{\"@type\":\"WebPage\",\"@id\":\"https:\\\/\\\/pdf-imposition.shop\\\/?product=simple-imposition-fuer-navigator-rip-v11-x\",\"url\":\"https:\\\/\\\/pdf-imposition.shop\\\/?product=simple-imposition-fuer-navigator-rip-v11-x\",\"name\":\"Simple Imposition f\u00fcr Navigator RIP v14.x - PDF-Imposition Shop\",\"isPartOf\":{\"@id\":\"https:\\\/\\\/pdf-imposition.shop\\\/#website\"},\"primaryImageOfPage\":{\"@id\":\"https:\\\/\\\/pdf-imposition.shop\\\/?product=simple-imposition-fuer-navigator-rip-v11-x#primaryimage\"},\"image\":{\"@id\":\"https:\\\/\\\/pdf-imposition.shop\\\/?product=simple-imposition-fuer-navigator-rip-v11-x#primaryimage\"},\"thumbnailUrl\":\"https:\\\/\\\/pdf-imposition.shop\\\/wp-content\\\/uploads\\\/2018\\\/03\\\/Imposition-SetUp.jpg\",\"datePublished\":\"2018-03-30T16:49:26+00:00\",\"dateModified\":\"2026-03-01T09:18:46+00:00\",\"description\":\"Simple Imposition f\u00fcr Navigator RIP v14.x - PDF-Imposition Shop\",\"breadcrumb\":{\"@id\":\"https:\\\/\\\/pdf-imposition.shop\\\/?product=simple-imposition-fuer-navigator-rip-v11-x#breadcrumb\"},\"inLanguage\":\"de\",\"potentialAction\":[{\"@type\":\"ReadAction\",\"target\":[\"https:\\\/\\\/pdf-imposition.shop\\\/?product=simple-imposition-fuer-navigator-rip-v11-x\"]}]},{\"@type\":\"ImageObject\",\"inLanguage\":\"de\",\"@id\":\"https:\\\/\\\/pdf-imposition.shop\\\/?product=simple-imposition-fuer-navigator-rip-v11-x#primaryimage\",\"url\":\"https:\\\/\\\/pdf-imposition.shop\\\/wp-content\\\/uploads\\\/2018\\\/03\\\/Imposition-SetUp.jpg\",\"contentUrl\":\"https:\\\/\\\/pdf-imposition.shop\\\/wp-content\\\/uploads\\\/2018\\\/03\\\/Imposition-SetUp.jpg\",\"width\":946,\"height\":563,\"caption\":\"Das Imposition Setup des Simple Impostion Plug-ins legt alle relevanten Parameter f\u00fcr das automatisierte Ausschie\u00dfen der Jobseiten fest.\"},{\"@type\":\"BreadcrumbList\",\"@id\":\"https:\\\/\\\/pdf-imposition.shop\\\/?product=simple-imposition-fuer-navigator-rip-v11-x#breadcrumb\",\"itemListElement\":[{\"@type\":\"ListItem\",\"position\":1,\"name\":\"Startseite\",\"item\":\"https:\\\/\\\/pdf-imposition.shop\\\/\"},{\"@type\":\"ListItem\",\"position\":2,\"name\":\"Shop\",\"item\":\"https:\\\/\\\/pdf-imposition.shop\\\/?page_id=4\"},{\"@type\":\"ListItem\",\"position\":3,\"name\":\"Simple Imposition f\u00fcr Navigator RIP v14.x\"}]},{\"@type\":\"WebSite\",\"@id\":\"https:\\\/\\\/pdf-imposition.shop\\\/#website\",\"url\":\"https:\\\/\\\/pdf-imposition.shop\\\/\",\"name\":\"PDF-Imposition Shop\",\"description\":\"Prepress Software Shop &amp; Service\",\"publisher\":{\"@id\":\"https:\\\/\\\/pdf-imposition.shop\\\/#organization\"},\"potentialAction\":[{\"@type\":\"SearchAction\",\"target\":{\"@type\":\"EntryPoint\",\"urlTemplate\":\"https:\\\/\\\/pdf-imposition.shop\\\/?s={search_term_string}\"},\"query-input\":{\"@type\":\"PropertyValueSpecification\",\"valueRequired\":true,\"valueName\":\"search_term_string\"}}],\"inLanguage\":\"de\"},{\"@type\":\"Organization\",\"@id\":\"https:\\\/\\\/pdf-imposition.shop\\\/#organization\",\"name\":\"PDF-Imposition Shop\",\"url\":\"https:\\\/\\\/pdf-imposition.shop\\\/\",\"logo\":{\"@type\":\"ImageObject\",\"inLanguage\":\"de\",\"@id\":\"https:\\\/\\\/pdf-imposition.shop\\\/#\\\/schema\\\/logo\\\/image\\\/\",\"url\":\"https:\\\/\\\/pdf-imposition.shop\\\/wp-content\\\/uploads\\\/2018\\\/03\\\/cropped-Shop-Header.jpg\",\"contentUrl\":\"https:\\\/\\\/pdf-imposition.shop\\\/wp-content\\\/uploads\\\/2018\\\/03\\\/cropped-Shop-Header.jpg\",\"width\":470,\"height\":110,\"caption\":\"PDF-Imposition Shop\"},\"image\":{\"@id\":\"https:\\\/\\\/pdf-imposition.shop\\\/#\\\/schema\\\/logo\\\/image\\\/\"}}]}<\/script>\n<!-- \/ Yoast SEO plugin. -->","yoast_head_json":{"title":"Simple Imposition f\u00fcr Navigator RIP v14.x - PDF-Imposition Shop","description":"Simple Imposition f\u00fcr Navigator RIP v14.x - PDF-Imposition Shop","robots":{"index":"index","follow":"follow","max-snippet":"max-snippet:-1","max-image-preview":"max-image-preview:large","max-video-preview":"max-video-preview:-1"},"canonical":"https:\/\/pdf-imposition.shop\/?product=simple-imposition-fuer-navigator-rip-v11-x","og_locale":"de_DE","og_type":"article","og_title":"Simple Imposition f\u00fcr Navigator RIP v14.x - PDF-Imposition Shop","og_description":"Simple Imposition f\u00fcr Navigator RIP v14.x - PDF-Imposition Shop","og_url":"https:\/\/pdf-imposition.shop\/?product=simple-imposition-fuer-navigator-rip-v11-x","og_site_name":"PDF-Imposition Shop","article_modified_time":"2026-03-01T09:18:46+00:00","og_image":[{"width":946,"height":563,"url":"http:\/\/pdf-imposition.shop\/wp-content\/uploads\/2018\/03\/Imposition-SetUp.jpg","type":"image\/jpeg"}],"twitter_card":"summary_large_image","twitter_misc":{"Gesch\u00e4tzte Lesezeit":"1\u00a0Minute"},"schema":{"@context":"https:\/\/schema.org","@graph":[{"@type":"WebPage","@id":"https:\/\/pdf-imposition.shop\/?product=simple-imposition-fuer-navigator-rip-v11-x","url":"https:\/\/pdf-imposition.shop\/?product=simple-imposition-fuer-navigator-rip-v11-x","name":"Simple Imposition f\u00fcr Navigator RIP v14.x - PDF-Imposition Shop","isPartOf":{"@id":"https:\/\/pdf-imposition.shop\/#website"},"primaryImageOfPage":{"@id":"https:\/\/pdf-imposition.shop\/?product=simple-imposition-fuer-navigator-rip-v11-x#primaryimage"},"image":{"@id":"https:\/\/pdf-imposition.shop\/?product=simple-imposition-fuer-navigator-rip-v11-x#primaryimage"},"thumbnailUrl":"https:\/\/pdf-imposition.shop\/wp-content\/uploads\/2018\/03\/Imposition-SetUp.jpg","datePublished":"2018-03-30T16:49:26+00:00","dateModified":"2026-03-01T09:18:46+00:00","description":"Simple Imposition f\u00fcr Navigator RIP v14.x - PDF-Imposition Shop","breadcrumb":{"@id":"https:\/\/pdf-imposition.shop\/?product=simple-imposition-fuer-navigator-rip-v11-x#breadcrumb"},"inLanguage":"de","potentialAction":[{"@type":"ReadAction","target":["https:\/\/pdf-imposition.shop\/?product=simple-imposition-fuer-navigator-rip-v11-x"]}]},{"@type":"ImageObject","inLanguage":"de","@id":"https:\/\/pdf-imposition.shop\/?product=simple-imposition-fuer-navigator-rip-v11-x#primaryimage","url":"https:\/\/pdf-imposition.shop\/wp-content\/uploads\/2018\/03\/Imposition-SetUp.jpg","contentUrl":"https:\/\/pdf-imposition.shop\/wp-content\/uploads\/2018\/03\/Imposition-SetUp.jpg","width":946,"height":563,"caption":"Das Imposition Setup des Simple Impostion Plug-ins legt alle relevanten Parameter f\u00fcr das automatisierte Ausschie\u00dfen der Jobseiten fest."},{"@type":"BreadcrumbList","@id":"https:\/\/pdf-imposition.shop\/?product=simple-imposition-fuer-navigator-rip-v11-x#breadcrumb","itemListElement":[{"@type":"ListItem","position":1,"name":"Startseite","item":"https:\/\/pdf-imposition.shop\/"},{"@type":"ListItem","position":2,"name":"Shop","item":"https:\/\/pdf-imposition.shop\/?page_id=4"},{"@type":"ListItem","position":3,"name":"Simple Imposition f\u00fcr Navigator RIP v14.x"}]},{"@type":"WebSite","@id":"https:\/\/pdf-imposition.shop\/#website","url":"https:\/\/pdf-imposition.shop\/","name":"PDF-Imposition Shop","description":"Prepress Software Shop &amp; Service","publisher":{"@id":"https:\/\/pdf-imposition.shop\/#organization"},"potentialAction":[{"@type":"SearchAction","target":{"@type":"EntryPoint","urlTemplate":"https:\/\/pdf-imposition.shop\/?s={search_term_string}"},"query-input":{"@type":"PropertyValueSpecification","valueRequired":true,"valueName":"search_term_string"}}],"inLanguage":"de"},{"@type":"Organization","@id":"https:\/\/pdf-imposition.shop\/#organization","name":"PDF-Imposition Shop","url":"https:\/\/pdf-imposition.shop\/","logo":{"@type":"ImageObject","inLanguage":"de","@id":"https:\/\/pdf-imposition.shop\/#\/schema\/logo\/image\/","url":"https:\/\/pdf-imposition.shop\/wp-content\/uploads\/2018\/03\/cropped-Shop-Header.jpg","contentUrl":"https:\/\/pdf-imposition.shop\/wp-content\/uploads\/2018\/03\/cropped-Shop-Header.jpg","width":470,"height":110,"caption":"PDF-Imposition Shop"},"image":{"@id":"https:\/\/pdf-imposition.shop\/#\/schema\/logo\/image\/"}}]}},"jetpack_publicize_connections":[],"jetpack_sharing_enabled":true,"_links":{"self":[{"href":"https:\/\/pdf-imposition.shop\/index.php?rest_route=\/wp\/v2\/product\/400","targetHints":{"allow":["GET"]}}],"collection":[{"href":"https:\/\/pdf-imposition.shop\/index.php?rest_route=\/wp\/v2\/product"}],"about":[{"href":"https:\/\/pdf-imposition.shop\/index.php?rest_route=\/wp\/v2\/types\/product"}],"wp:featuredmedia":[{"embeddable":true,"href":"https:\/\/pdf-imposition.shop\/index.php?rest_route=\/wp\/v2\/media\/606"}],"wp:attachment":[{"href":"https:\/\/pdf-imposition.shop\/index.php?rest_route=%2Fwp%2Fv2%2Fmedia&parent=400"}],"wp:term":[{"taxonomy":"product_brand","embeddable":true,"href":"https:\/\/pdf-imposition.shop\/index.php?rest_route=%2Fwp%2Fv2%2Fproduct_brand&post=400"},{"taxonomy":"product_cat","embeddable":true,"href":"https:\/\/pdf-imposition.shop\/index.php?rest_route=%2Fwp%2Fv2%2Fproduct_cat&post=400"},{"taxonomy":"product_tag","embeddable":true,"href":"https:\/\/pdf-imposition.shop\/index.php?rest_route=%2Fwp%2Fv2%2Fproduct_tag&post=400"}],"curies":[{"name":"wp","href":"https:\/\/api.w.org\/{rel}","templated":true}]}}