{"id":135,"date":"2018-03-19T12:41:50","date_gmt":"2018-03-19T11:41:50","guid":{"rendered":"http:\/\/pdf-imposition.shop\/?post_type=product&#038;p=135"},"modified":"2026-03-20T12:40:01","modified_gmt":"2026-03-20T11:40:01","slug":"trappro-plug-in-fuer-navigator-rip-v11-x","status":"publish","type":"product","link":"https:\/\/pdf-imposition.shop\/?product=trappro-plug-in-fuer-navigator-rip-v11-x","title":{"rendered":"TrapPro Plug-in f\u00fcr Navigator RIP v14.x"},"content":{"rendered":"<h2><span class=\"\" lang=\"de\" tabindex=\"-1\"><img loading=\"lazy\" decoding=\"async\" class=\"alignnone size-full wp-image-121\" src=\"http:\/\/pdf-imposition.shop\/wp-content\/uploads\/2018\/01\/Navigator-Logo.png\" alt=\"\" width=\"175\" height=\"117\" \/><\/span><\/h2>\n<h2>TrapPro Plug-in f\u00fcr Xitron Navigator RIP v14.x RIP<\/h2>\n<p><span id=\"result_box\" class=\"\" lang=\"de\" tabindex=\"-1\"><br \/>\n<\/span><strong><span id=\"result_box\" class=\"\" lang=\"de\" tabindex=\"-1\"><span class=\"\">Die automatische In-RIP-Trapping \u00dcberf\u00fcllungsoption<\/span><\/span><\/strong><\/p>\n<p><span class=\"\">Das \u00dcberf\u00fcllen von Farbauftr\u00e4gen, ob 4-farbig oder mit Sonderfarben, kann arbeitsintensiv und zeitaufwendig sein.<\/span> <span class=\"\">Xitrons Navigator RIP bietet die optionale In-RIP-Trapping-Engine TrapPro &#x2122;, die sowohl Arbeit als auch Zeit des Trapping-Prozesses reduziert. Das Navigator RIP ist vollst\u00e4ndig kompatibel mit allen Anwendungspaketen der grafischen Industrie.<\/span> <span class=\"\">Ob Ihre Produktion PostScript, PDF, TIFF, EPS oder sogar PDF \/ X ben\u00f6tigt, Navigator unterst\u00fctzt Sie.<\/span><\/p>\n<p><span id=\"result_box\" class=\"\" lang=\"de\" tabindex=\"-1\">TrapPro verwendet eine objektbasierte, Raster-f\u00e4hige Engine, die herausragende Leistung und hervorragende Speicherauslastung bietet. Diese \u00dcberf\u00fcllungs-Engine verwendet die ger\u00e4teorientierte Liste, die vom Navigator-RIP generiert wird, um \u00dcberf\u00fcllungs-Positionen zu bestimmen. Dadurch kann das System alles, was der Navigator RIP rendert, mit Pixelgenauigkeit und hoher Geschwindigkeit abfangen und verarbeiten.<\/span><\/p>\n<p>TrapPro l\u00fcft automatisch im hintergrund, wenn die Jobs an den RIP gesendet werden. Der Navigator RIP speichert \u00dcberf\u00fcllungseinstellungen f\u00fcr die Verwendung in den verschiedenen Page Setups, wodurch die Vorbereitungszeit f\u00fcr den Bediener reduziert und die Automatisierung erh\u00f6ht wird. Mit dem <a href=\"http:\/\/pdf-imposition.shop\/?product=navigator-rip-v11-x-screen-rip-kit-workflow-kopie\" target=\"_blank\" rel=\"noopener\"><strong>Navigator RIP Workflow<\/strong><\/a>\u00a0 k\u00f6nnen Benutzer die Ergebnisse vor der Jobausgabe auf Film oder Platte in einer Vorschau anzeigen (Softproof). <span class=\"\">TrapPro verf\u00fcgt \u00fcber Funktionen, die von Prepress-Profis ben\u00f6tigt werden, einschlie\u00dflich Gehrungsenden und -verbindungen, Sliding Traps, Feathered Traps, Schutz kleiner Objekte und mehr.<\/span><\/p>\n<p><strong><span id=\"result_box\" class=\"\" lang=\"de\" tabindex=\"-1\"><span title=\"Features &amp; Benefits \u00a0\u00a0\u00a0\u00a0\">Merkmale und Vorteile<\/span><\/span><\/strong><\/p>\n<p><span title=\"Easy to use - set trap parameters via a simple dialog box \u00a0\u00a0\u00a0\u00a0\"><strong>Einfach zu bedienen<\/strong> &#8211; Legen Sie Trap-Parameter \u00fcber ein einfaches Dialogfeld fest<br \/>\n<\/span><span title=\"Automated in-RIP trapping - Increase quality and reduce operator time and involement \u00a0\u00a0\u00a0\u00a0\"><strong>Automatisiertes In-RIP-Trapping<\/strong> &#8211; Steigern Sie die Qualit\u00e4t und reduzieren Sie die Zeit und Bedieneraufwand<br \/>\n<\/span><span title=\"Fast - Increase productivity by trapping in the RIP \u00a0\u00a0\u00a0\u00a0\"><strong>Schnell<\/strong> &#8211; Erh\u00f6hen Sie die Produktivit\u00e4t, indem Sie im RIP automatisch \u00fcberf\u00fcllen<br \/>\n<\/span><span title=\"Preview traps - with the Navigator Workflow Server Client software, traps may be automatically previewed before sending job for output \u00a0\u00a0\u00a0\u00a0\"><strong>Trapping-Vorschau<\/strong> &#8211; Mit der <a href=\"http:\/\/pdf-imposition.shop\/?product=navigator-rip-v11-x-screen-rip-kit-workflow-kopie\" target=\"_blank\" rel=\"noopener\"><strong>Navigator Workflow Server<\/strong><\/a> (Client-Software) k\u00f6nnen \u00dcberf\u00fcllungen automatisch in der Vorschau angezeigt werden, bevor der Job zur Ausgabe gesendet wird<br \/>\n<\/span><span title=\"Unsurpassed quality - Accurate trapping reliably and dependably \"><strong>Un\u00fcbertroffene Qualit\u00e4t<\/strong> &#8211; Genaues Einfangen zuverl\u00e4ssig und zuverl\u00e4ssig<\/span><\/p>\n<p><strong><span title=\"TrapPro Functions \u00a0\u00a0\u00a0\u00a0\">TrapPro-Funktionen<\/span><\/strong><\/p>\n<ul>\n<li><span title=\"Object and Vector Trapping \u00a0\u00a0\u00a0\u00a0\">Objekt- und Vektor\u00fcberf\u00fcllung<\/span><\/li>\n<li><span title=\"CMYK Traps \u00a0\u00a0\u00a0\u00a0\">CMYK-\u00dcberf\u00fcllungen<\/span><\/li>\n<li><span title=\"Auto-chokes Super Blacks ensuring that super black objects maintain a sharp, crisp edge. \u00a0\u00a0\u00a0\u00a0\">Schaltet reines Schwarz automatisch ein und sorgt daf\u00fcr, dass rein schwarze Objekte scharf bleiben<\/span><\/li>\n<li>Sonderfarben-\u00dcberf\u00fcllungen<\/li>\n<li><span title=\"Special Ink Handling\u2014metallics and varnishes. \u00a0\u00a0\u00a0\u00a0\">Spezielles Sonderfarben-Trapping f\u00fcr Metallic-Farben und Lacke<\/span><\/li>\n<li><span title=\"Vector to Raster Trapping \u00a0\u00a0\u00a0\u00a0\">Vektor-zu-Raster-\u00dcberf\u00fcllungen<\/span><\/li>\n<li><span title=\"PostScript 3 Trapping commands \u00a0\u00a0\u00a0\u00a0\">PostScript 3 \u00dcberf\u00fcllungsbefehle<\/span><\/li>\n<li><span title=\"Raster to Raster trapping \u00a0\u00a0\u00a0\u00a0\">Raster-zu-Raster-\u00dcberf\u00fcllungen<\/span><\/li>\n<li><span title=\"Narrowed\/Proportional Traps\u2014Preserve all thin design elements. \u00a0\u00a0\u00a0\u00a0\">Schmale \/ Proportionale \u00dcberf\u00fcllungen &#8211; sch\u00fctzt alle d\u00fcnnen Designelemente<\/span><\/li>\n<li><span title=\"Image Mask Support\u2014Correctly trap masked images to avoid &quot;lines&quot; on mis-registration. \u00a0\u00a0\u00a0\u00a0\">Image Mask Support &#8211; Maskierte Bilder korrekt \u00fcberf\u00fcllen<\/span><\/li>\n<li><span title=\"Small Object Protection\u2014Protects small text and graphic elements. \u00a0\u00a0\u00a0\u00a0\">Schutz kleiner Objekte &#8211; Sch\u00fctzt kleine Text- und Grafikelemente<br \/>\n<\/span><\/li>\n<\/ul>\n<p>Hier die Produktpr\u00e4sentation:<\/p>\n<p><a href=\"http:\/\/pdf-imposition.shop\/wp-content\/uploads\/2018\/03\/TrapPro.pdf\" target=\"_blank\" rel=\"noopener\"><strong>TrapPro Pr\u00e4sentation<\/strong><\/a><\/p>\n<p><span style=\"color: #0da4d3;\"><strong>Virtuelles Produkt \u2013 Option ist zusammen mit Navigator RIP v14.x vorinstalliert. Soft Lock (SL) Code Lizenzierung erfolgt per Kundenmail und aktiviert das Plug-in.<\/strong><\/span><\/p>\n<p><span id=\"result_box\" class=\"\" lang=\"de\" tabindex=\"-1\"><span title=\"Providing prepress environments with fast, predictable, and reliable interpretation of PostScript, PDF, and EPS format files, Navigator is the most trusted name in RIP architecture with over 30,000 installations worldwide. \"><br \/>\n<\/span><\/span><span id=\"result_box\" class=\"\" lang=\"de\" tabindex=\"-1\"> <\/span><\/p>\n<p>&nbsp;<\/p>\n<p>&nbsp;<\/p>\n","protected":false},"excerpt":{"rendered":"<p><span class=\"\">Das \u00dcberf\u00fcllen von Farbauftr\u00e4gen, ob 4-farbig oder mit Sonderfarben, kann arbeitsintensiv und zeitaufwendig sein.<\/span> <span class=\"\">Xitrons Navigator RIP bietet die optionale In-RIP-Trapping-Engine TrapPro &#x2122;, die sowohl Arbeit als auch Zeit des Trapping-Prozesses reduziert.<\/span><\/p>\n","protected":false},"featured_media":253,"template":"","meta":{"pmpro_default_level":"","jetpack_post_was_ever_published":false,"jetpack_publicize_message":"","jetpack_publicize_feature_enabled":true,"jetpack_social_post_already_shared":true,"jetpack_social_options":{"image_generator_settings":{"template":"highway","default_image_id":0,"font":"","enabled":false},"version":2}},"product_brand":[],"product_cat":[58,39,71],"product_tag":[61,62],"class_list":{"0":"post-135","1":"product","2":"type-product","3":"status-publish","4":"has-post-thumbnail","6":"wpc-brand-xitron","7":"product_cat-inrip-trapping","8":"product_cat-rip-optionen","9":"product_cat-windows","10":"product_tag-trapping","11":"product_tag-ueberfuellungen","12":"product_shipping_class-dhl-paket-ii","13":"pmpro-has-access","15":"first","16":"instock","17":"virtual","18":"taxable","19":"purchasable","20":"product-type-simple"},"yoast_head":"<!-- This site is optimized with the Yoast SEO plugin v27.3 - https:\/\/yoast.com\/product\/yoast-seo-wordpress\/ -->\n<title>TrapPro Plug-in f\u00fcr Navigator RIP v14.x - PDF-Imposition Shop<\/title>\n<meta name=\"description\" content=\"TrapPro Plug-in f\u00fcr Navigator RIP v14.x - PDF-Imposition Shop\" \/>\n<meta name=\"robots\" content=\"index, follow, max-snippet:-1, max-image-preview:large, max-video-preview:-1\" \/>\n<link rel=\"canonical\" href=\"https:\/\/pdf-imposition.shop\/?product=trappro-plug-in-fuer-navigator-rip-v11-x\" \/>\n<meta property=\"og:locale\" content=\"de_DE\" \/>\n<meta property=\"og:type\" content=\"article\" \/>\n<meta property=\"og:title\" content=\"TrapPro Plug-in f\u00fcr Navigator RIP v14.x - PDF-Imposition Shop\" \/>\n<meta property=\"og:description\" content=\"TrapPro Plug-in f\u00fcr Navigator RIP v14.x - PDF-Imposition Shop\" \/>\n<meta property=\"og:url\" content=\"https:\/\/pdf-imposition.shop\/?product=trappro-plug-in-fuer-navigator-rip-v11-x\" \/>\n<meta property=\"og:site_name\" content=\"PDF-Imposition Shop\" \/>\n<meta property=\"article:modified_time\" content=\"2026-03-20T11:40:01+00:00\" \/>\n<meta property=\"og:image\" content=\"http:\/\/pdf-imposition.shop\/wp-content\/uploads\/2018\/03\/TrapPro.jpg\" \/>\n\t<meta property=\"og:image:width\" content=\"320\" \/>\n\t<meta property=\"og:image:height\" content=\"272\" \/>\n\t<meta property=\"og:image:type\" content=\"image\/jpeg\" \/>\n<meta name=\"twitter:card\" content=\"summary_large_image\" \/>\n<meta name=\"twitter:label1\" content=\"Gesch\u00e4tzte Lesezeit\" \/>\n\t<meta name=\"twitter:data1\" content=\"3\u00a0Minuten\" \/>\n<script type=\"application\/ld+json\" class=\"yoast-schema-graph\">{\"@context\":\"https:\\\/\\\/schema.org\",\"@graph\":[{\"@type\":\"WebPage\",\"@id\":\"https:\\\/\\\/pdf-imposition.shop\\\/?product=trappro-plug-in-fuer-navigator-rip-v11-x\",\"url\":\"https:\\\/\\\/pdf-imposition.shop\\\/?product=trappro-plug-in-fuer-navigator-rip-v11-x\",\"name\":\"TrapPro Plug-in f\u00fcr Navigator RIP v14.x - PDF-Imposition Shop\",\"isPartOf\":{\"@id\":\"https:\\\/\\\/pdf-imposition.shop\\\/#website\"},\"primaryImageOfPage\":{\"@id\":\"https:\\\/\\\/pdf-imposition.shop\\\/?product=trappro-plug-in-fuer-navigator-rip-v11-x#primaryimage\"},\"image\":{\"@id\":\"https:\\\/\\\/pdf-imposition.shop\\\/?product=trappro-plug-in-fuer-navigator-rip-v11-x#primaryimage\"},\"thumbnailUrl\":\"https:\\\/\\\/pdf-imposition.shop\\\/wp-content\\\/uploads\\\/2018\\\/03\\\/TrapPro.jpg\",\"datePublished\":\"2018-03-19T11:41:50+00:00\",\"dateModified\":\"2026-03-20T11:40:01+00:00\",\"description\":\"TrapPro Plug-in f\u00fcr Navigator RIP v14.x - PDF-Imposition Shop\",\"breadcrumb\":{\"@id\":\"https:\\\/\\\/pdf-imposition.shop\\\/?product=trappro-plug-in-fuer-navigator-rip-v11-x#breadcrumb\"},\"inLanguage\":\"de\",\"potentialAction\":[{\"@type\":\"ReadAction\",\"target\":[\"https:\\\/\\\/pdf-imposition.shop\\\/?product=trappro-plug-in-fuer-navigator-rip-v11-x\"]}]},{\"@type\":\"ImageObject\",\"inLanguage\":\"de\",\"@id\":\"https:\\\/\\\/pdf-imposition.shop\\\/?product=trappro-plug-in-fuer-navigator-rip-v11-x#primaryimage\",\"url\":\"https:\\\/\\\/pdf-imposition.shop\\\/wp-content\\\/uploads\\\/2018\\\/03\\\/TrapPro.jpg\",\"contentUrl\":\"https:\\\/\\\/pdf-imposition.shop\\\/wp-content\\\/uploads\\\/2018\\\/03\\\/TrapPro.jpg\",\"width\":320,\"height\":272},{\"@type\":\"BreadcrumbList\",\"@id\":\"https:\\\/\\\/pdf-imposition.shop\\\/?product=trappro-plug-in-fuer-navigator-rip-v11-x#breadcrumb\",\"itemListElement\":[{\"@type\":\"ListItem\",\"position\":1,\"name\":\"Startseite\",\"item\":\"https:\\\/\\\/pdf-imposition.shop\\\/\"},{\"@type\":\"ListItem\",\"position\":2,\"name\":\"Shop\",\"item\":\"https:\\\/\\\/pdf-imposition.shop\\\/?page_id=4\"},{\"@type\":\"ListItem\",\"position\":3,\"name\":\"TrapPro Plug-in f\u00fcr Navigator RIP v14.x\"}]},{\"@type\":\"WebSite\",\"@id\":\"https:\\\/\\\/pdf-imposition.shop\\\/#website\",\"url\":\"https:\\\/\\\/pdf-imposition.shop\\\/\",\"name\":\"PDF-Imposition Shop\",\"description\":\"Prepress Software Shop &amp; Service\",\"publisher\":{\"@id\":\"https:\\\/\\\/pdf-imposition.shop\\\/#organization\"},\"potentialAction\":[{\"@type\":\"SearchAction\",\"target\":{\"@type\":\"EntryPoint\",\"urlTemplate\":\"https:\\\/\\\/pdf-imposition.shop\\\/?s={search_term_string}\"},\"query-input\":{\"@type\":\"PropertyValueSpecification\",\"valueRequired\":true,\"valueName\":\"search_term_string\"}}],\"inLanguage\":\"de\"},{\"@type\":\"Organization\",\"@id\":\"https:\\\/\\\/pdf-imposition.shop\\\/#organization\",\"name\":\"PDF-Imposition Shop\",\"url\":\"https:\\\/\\\/pdf-imposition.shop\\\/\",\"logo\":{\"@type\":\"ImageObject\",\"inLanguage\":\"de\",\"@id\":\"https:\\\/\\\/pdf-imposition.shop\\\/#\\\/schema\\\/logo\\\/image\\\/\",\"url\":\"https:\\\/\\\/pdf-imposition.shop\\\/wp-content\\\/uploads\\\/2018\\\/03\\\/cropped-Shop-Header.jpg\",\"contentUrl\":\"https:\\\/\\\/pdf-imposition.shop\\\/wp-content\\\/uploads\\\/2018\\\/03\\\/cropped-Shop-Header.jpg\",\"width\":470,\"height\":110,\"caption\":\"PDF-Imposition Shop\"},\"image\":{\"@id\":\"https:\\\/\\\/pdf-imposition.shop\\\/#\\\/schema\\\/logo\\\/image\\\/\"}}]}<\/script>\n<!-- \/ Yoast SEO plugin. -->","yoast_head_json":{"title":"TrapPro Plug-in f\u00fcr Navigator RIP v14.x - PDF-Imposition Shop","description":"TrapPro Plug-in f\u00fcr Navigator RIP v14.x - PDF-Imposition Shop","robots":{"index":"index","follow":"follow","max-snippet":"max-snippet:-1","max-image-preview":"max-image-preview:large","max-video-preview":"max-video-preview:-1"},"canonical":"https:\/\/pdf-imposition.shop\/?product=trappro-plug-in-fuer-navigator-rip-v11-x","og_locale":"de_DE","og_type":"article","og_title":"TrapPro Plug-in f\u00fcr Navigator RIP v14.x - PDF-Imposition Shop","og_description":"TrapPro Plug-in f\u00fcr Navigator RIP v14.x - PDF-Imposition Shop","og_url":"https:\/\/pdf-imposition.shop\/?product=trappro-plug-in-fuer-navigator-rip-v11-x","og_site_name":"PDF-Imposition Shop","article_modified_time":"2026-03-20T11:40:01+00:00","og_image":[{"width":320,"height":272,"url":"http:\/\/pdf-imposition.shop\/wp-content\/uploads\/2018\/03\/TrapPro.jpg","type":"image\/jpeg"}],"twitter_card":"summary_large_image","twitter_misc":{"Gesch\u00e4tzte Lesezeit":"3\u00a0Minuten"},"schema":{"@context":"https:\/\/schema.org","@graph":[{"@type":"WebPage","@id":"https:\/\/pdf-imposition.shop\/?product=trappro-plug-in-fuer-navigator-rip-v11-x","url":"https:\/\/pdf-imposition.shop\/?product=trappro-plug-in-fuer-navigator-rip-v11-x","name":"TrapPro Plug-in f\u00fcr Navigator RIP v14.x - PDF-Imposition Shop","isPartOf":{"@id":"https:\/\/pdf-imposition.shop\/#website"},"primaryImageOfPage":{"@id":"https:\/\/pdf-imposition.shop\/?product=trappro-plug-in-fuer-navigator-rip-v11-x#primaryimage"},"image":{"@id":"https:\/\/pdf-imposition.shop\/?product=trappro-plug-in-fuer-navigator-rip-v11-x#primaryimage"},"thumbnailUrl":"https:\/\/pdf-imposition.shop\/wp-content\/uploads\/2018\/03\/TrapPro.jpg","datePublished":"2018-03-19T11:41:50+00:00","dateModified":"2026-03-20T11:40:01+00:00","description":"TrapPro Plug-in f\u00fcr Navigator RIP v14.x - PDF-Imposition Shop","breadcrumb":{"@id":"https:\/\/pdf-imposition.shop\/?product=trappro-plug-in-fuer-navigator-rip-v11-x#breadcrumb"},"inLanguage":"de","potentialAction":[{"@type":"ReadAction","target":["https:\/\/pdf-imposition.shop\/?product=trappro-plug-in-fuer-navigator-rip-v11-x"]}]},{"@type":"ImageObject","inLanguage":"de","@id":"https:\/\/pdf-imposition.shop\/?product=trappro-plug-in-fuer-navigator-rip-v11-x#primaryimage","url":"https:\/\/pdf-imposition.shop\/wp-content\/uploads\/2018\/03\/TrapPro.jpg","contentUrl":"https:\/\/pdf-imposition.shop\/wp-content\/uploads\/2018\/03\/TrapPro.jpg","width":320,"height":272},{"@type":"BreadcrumbList","@id":"https:\/\/pdf-imposition.shop\/?product=trappro-plug-in-fuer-navigator-rip-v11-x#breadcrumb","itemListElement":[{"@type":"ListItem","position":1,"name":"Startseite","item":"https:\/\/pdf-imposition.shop\/"},{"@type":"ListItem","position":2,"name":"Shop","item":"https:\/\/pdf-imposition.shop\/?page_id=4"},{"@type":"ListItem","position":3,"name":"TrapPro Plug-in f\u00fcr Navigator RIP v14.x"}]},{"@type":"WebSite","@id":"https:\/\/pdf-imposition.shop\/#website","url":"https:\/\/pdf-imposition.shop\/","name":"PDF-Imposition Shop","description":"Prepress Software Shop &amp; Service","publisher":{"@id":"https:\/\/pdf-imposition.shop\/#organization"},"potentialAction":[{"@type":"SearchAction","target":{"@type":"EntryPoint","urlTemplate":"https:\/\/pdf-imposition.shop\/?s={search_term_string}"},"query-input":{"@type":"PropertyValueSpecification","valueRequired":true,"valueName":"search_term_string"}}],"inLanguage":"de"},{"@type":"Organization","@id":"https:\/\/pdf-imposition.shop\/#organization","name":"PDF-Imposition Shop","url":"https:\/\/pdf-imposition.shop\/","logo":{"@type":"ImageObject","inLanguage":"de","@id":"https:\/\/pdf-imposition.shop\/#\/schema\/logo\/image\/","url":"https:\/\/pdf-imposition.shop\/wp-content\/uploads\/2018\/03\/cropped-Shop-Header.jpg","contentUrl":"https:\/\/pdf-imposition.shop\/wp-content\/uploads\/2018\/03\/cropped-Shop-Header.jpg","width":470,"height":110,"caption":"PDF-Imposition Shop"},"image":{"@id":"https:\/\/pdf-imposition.shop\/#\/schema\/logo\/image\/"}}]}},"jetpack_publicize_connections":[],"jetpack_sharing_enabled":true,"_links":{"self":[{"href":"https:\/\/pdf-imposition.shop\/index.php?rest_route=\/wp\/v2\/product\/135","targetHints":{"allow":["GET"]}}],"collection":[{"href":"https:\/\/pdf-imposition.shop\/index.php?rest_route=\/wp\/v2\/product"}],"about":[{"href":"https:\/\/pdf-imposition.shop\/index.php?rest_route=\/wp\/v2\/types\/product"}],"wp:featuredmedia":[{"embeddable":true,"href":"https:\/\/pdf-imposition.shop\/index.php?rest_route=\/wp\/v2\/media\/253"}],"wp:attachment":[{"href":"https:\/\/pdf-imposition.shop\/index.php?rest_route=%2Fwp%2Fv2%2Fmedia&parent=135"}],"wp:term":[{"taxonomy":"product_brand","embeddable":true,"href":"https:\/\/pdf-imposition.shop\/index.php?rest_route=%2Fwp%2Fv2%2Fproduct_brand&post=135"},{"taxonomy":"product_cat","embeddable":true,"href":"https:\/\/pdf-imposition.shop\/index.php?rest_route=%2Fwp%2Fv2%2Fproduct_cat&post=135"},{"taxonomy":"product_tag","embeddable":true,"href":"https:\/\/pdf-imposition.shop\/index.php?rest_route=%2Fwp%2Fv2%2Fproduct_tag&post=135"}],"curies":[{"name":"wp","href":"https:\/\/api.w.org\/{rel}","templated":true}]}}