{"id":357,"date":"2018-03-28T11:36:38","date_gmt":"2018-03-28T09:36:38","guid":{"rendered":"http:\/\/pdf-imposition.shop\/?page_id=357"},"modified":"2018-04-08T19:21:52","modified_gmt":"2018-04-08T17:21:52","slug":"service","status":"publish","type":"page","link":"https:\/\/pdf-imposition.shop\/?page_id=357","title":{"rendered":"Service"},"content":{"rendered":"<p><span style=\"color: #0da4d3;\"><img loading=\"lazy\" decoding=\"async\" class=\"size-full wp-image-471 alignleft\" src=\"http:\/\/pdf-imposition.shop\/wp-content\/uploads\/2018\/03\/service3.jpg\" alt=\"\" width=\"251\" height=\"168\" \/><\/span><\/p>\n<p>&nbsp;<\/p>\n<p><span style=\"color: #0da4d3;\"><strong><em>Als erfahrener Software-Dienstleister in der Druckvorstufe, kann ich Ihnen einem umfassenden Kundenservice anbieten:<\/em><\/strong><\/span><\/p>\n<p>&nbsp;<\/p>\n<p>&nbsp;<\/p>\n<ul>\n<li><span style=\"color: #0da4d3;\">Problemanalyse beim Kunden<\/span><\/li>\n<li><span style=\"color: #0da4d3;\">Intensive Beratung zur Auswahl geeigneter Softwareprodukte f\u00fcr Ihre Probleml\u00f6sung<\/span><\/li>\n<li><span style=\"color: #0da4d3;\">Angebotserstellung in angemessenem Preis-\/Leistungsverh\u00e4ltnis<\/span><\/li>\n<li><span style=\"color: #0da4d3;\"><a href=\"http:\/\/pdf-imposition.shop\/?page_id=499\" target=\"_blank\" rel=\"noopener\">Fachgerechte Installation der Softwarel\u00f6sungen und ausf\u00fchrliches Anwendertraining vor Ort<\/a><\/span><\/li>\n<li><span style=\"color: #0da4d3;\">Produktionsbegleitung in der Anlaufphase auf Kundenwunsch<\/span><\/li>\n<li><span style=\"color: #0da4d3;\">Nachhaltiger Telefon-\/TeamViewer-Support ist auch nach der Rechnungsstellung selbstverst\u00e4ndlich<\/span><\/li>\n<\/ul>\n<p style=\"text-align: left;\"><a href=\"http:\/\/pdf-imposition.shop\/?page_id=685\"><img loading=\"lazy\" decoding=\"async\" class=\"alignleft wp-image-467 size-full\" src=\"http:\/\/pdf-imposition.shop\/wp-content\/uploads\/2018\/03\/MuellerMartin137x168.jpg\" alt=\"\" width=\"137\" height=\"168\" \/><\/a>Martin M\u00fcller<br \/>\n<strong>Industriemeister Druck<\/strong><br \/>\nPrepress-Service &amp; Technical Support<\/p>\n<p style=\"text-align: left;\">Tel. +49(0)178-5548863<br \/>\nMail: <a title=\"Mail an Martin M\u00fcller\" href=\"mailto:martin.mueller@pdf-imposition.de\" target=\"_blank\" rel=\"noopener\">martin.mueller(at)pdf-imposition.de<\/a><br \/>\nInternet: <a title=\"PDF-Imposition for Print\" href=\"http:\/\/www.pdf-imposition.de\" target=\"_blank\" rel=\"noopener\">www.pdf-imposition.de<\/a>, <a href=\"http:\/\/www.pdf-imposition.shop\" target=\"_blank\" rel=\"noopener\">www.pdf-imposition.shop<\/a><\/p>\n","protected":false},"excerpt":{"rendered":"<p>&nbsp; Als erfahrener Software-Dienstleister in der Druckvorstufe, kann ich Ihnen einem umfassenden Kundenservice anbieten: &nbsp; &nbsp; Problemanalyse beim Kunden Intensive Beratung zur Auswahl geeigneter Softwareprodukte f\u00fcr Ihre Probleml\u00f6sung Angebotserstellung in angemessenem Preis-\/Leistungsverh\u00e4ltnis Fachgerechte Installation der Softwarel\u00f6sungen und ausf\u00fchrliches Anwendertraining vor Ort Produktionsbegleitung in der Anlaufphase auf Kundenwunsch Nachhaltiger Telefon-\/TeamViewer-Support ist auch nach der Rechnungsstellung selbstverst\u00e4ndlich [&hellip;]<\/p>\n","protected":false},"author":1,"featured_media":0,"parent":0,"menu_order":0,"comment_status":"closed","ping_status":"closed","template":"","meta":{"pmpro_default_level":"","jetpack_post_was_ever_published":false,"footnotes":""},"class_list":["post-357","page","type-page","status-publish","hentry","pmpro-has-access"],"yoast_head":"<!-- This site is optimized with the Yoast SEO plugin v27.3 - https:\/\/yoast.com\/product\/yoast-seo-wordpress\/ -->\n<title>Service - PDF-Imposition Shop<\/title>\n<meta name=\"robots\" content=\"index, follow, max-snippet:-1, max-image-preview:large, max-video-preview:-1\" \/>\n<link rel=\"canonical\" href=\"https:\/\/pdf-imposition.shop\/?page_id=357\" \/>\n<meta property=\"og:locale\" content=\"de_DE\" \/>\n<meta property=\"og:type\" content=\"article\" \/>\n<meta property=\"og:title\" content=\"Service - PDF-Imposition Shop\" \/>\n<meta property=\"og:description\" content=\"&nbsp; Als erfahrener Software-Dienstleister in der Druckvorstufe, kann ich Ihnen einem umfassenden Kundenservice anbieten: &nbsp; &nbsp; Problemanalyse beim Kunden Intensive Beratung zur Auswahl geeigneter Softwareprodukte f\u00fcr Ihre Probleml\u00f6sung Angebotserstellung in angemessenem Preis-\/Leistungsverh\u00e4ltnis Fachgerechte Installation der Softwarel\u00f6sungen und ausf\u00fchrliches Anwendertraining vor Ort Produktionsbegleitung in der Anlaufphase auf Kundenwunsch Nachhaltiger Telefon-\/TeamViewer-Support ist auch nach der Rechnungsstellung selbstverst\u00e4ndlich [&hellip;]\" \/>\n<meta property=\"og:url\" content=\"https:\/\/pdf-imposition.shop\/?page_id=357\" \/>\n<meta property=\"og:site_name\" content=\"PDF-Imposition Shop\" \/>\n<meta property=\"article:modified_time\" content=\"2018-04-08T17:21:52+00:00\" \/>\n<meta property=\"og:image\" content=\"http:\/\/pdf-imposition.shop\/wp-content\/uploads\/2018\/03\/service3.jpg\" \/>\n<meta name=\"twitter:card\" content=\"summary_large_image\" \/>\n<script type=\"application\/ld+json\" class=\"yoast-schema-graph\">{\"@context\":\"https:\\\/\\\/schema.org\",\"@graph\":[{\"@type\":\"WebPage\",\"@id\":\"https:\\\/\\\/pdf-imposition.shop\\\/?page_id=357\",\"url\":\"https:\\\/\\\/pdf-imposition.shop\\\/?page_id=357\",\"name\":\"Service - PDF-Imposition Shop\",\"isPartOf\":{\"@id\":\"https:\\\/\\\/pdf-imposition.shop\\\/#website\"},\"primaryImageOfPage\":{\"@id\":\"https:\\\/\\\/pdf-imposition.shop\\\/?page_id=357#primaryimage\"},\"image\":{\"@id\":\"https:\\\/\\\/pdf-imposition.shop\\\/?page_id=357#primaryimage\"},\"thumbnailUrl\":\"http:\\\/\\\/pdf-imposition.shop\\\/wp-content\\\/uploads\\\/2018\\\/03\\\/service3.jpg\",\"datePublished\":\"2018-03-28T09:36:38+00:00\",\"dateModified\":\"2018-04-08T17:21:52+00:00\",\"breadcrumb\":{\"@id\":\"https:\\\/\\\/pdf-imposition.shop\\\/?page_id=357#breadcrumb\"},\"inLanguage\":\"de\",\"potentialAction\":[{\"@type\":\"ReadAction\",\"target\":[\"https:\\\/\\\/pdf-imposition.shop\\\/?page_id=357\"]}]},{\"@type\":\"ImageObject\",\"inLanguage\":\"de\",\"@id\":\"https:\\\/\\\/pdf-imposition.shop\\\/?page_id=357#primaryimage\",\"url\":\"https:\\\/\\\/pdf-imposition.shop\\\/wp-content\\\/uploads\\\/2018\\\/03\\\/service3.jpg\",\"contentUrl\":\"https:\\\/\\\/pdf-imposition.shop\\\/wp-content\\\/uploads\\\/2018\\\/03\\\/service3.jpg\",\"width\":251,\"height\":168},{\"@type\":\"BreadcrumbList\",\"@id\":\"https:\\\/\\\/pdf-imposition.shop\\\/?page_id=357#breadcrumb\",\"itemListElement\":[{\"@type\":\"ListItem\",\"position\":1,\"name\":\"Startseite\",\"item\":\"https:\\\/\\\/pdf-imposition.shop\\\/\"},{\"@type\":\"ListItem\",\"position\":2,\"name\":\"Service\"}]},{\"@type\":\"WebSite\",\"@id\":\"https:\\\/\\\/pdf-imposition.shop\\\/#website\",\"url\":\"https:\\\/\\\/pdf-imposition.shop\\\/\",\"name\":\"PDF-Imposition Shop\",\"description\":\"Prepress Software Shop &amp; Service\",\"publisher\":{\"@id\":\"https:\\\/\\\/pdf-imposition.shop\\\/#organization\"},\"potentialAction\":[{\"@type\":\"SearchAction\",\"target\":{\"@type\":\"EntryPoint\",\"urlTemplate\":\"https:\\\/\\\/pdf-imposition.shop\\\/?s={search_term_string}\"},\"query-input\":{\"@type\":\"PropertyValueSpecification\",\"valueRequired\":true,\"valueName\":\"search_term_string\"}}],\"inLanguage\":\"de\"},{\"@type\":\"Organization\",\"@id\":\"https:\\\/\\\/pdf-imposition.shop\\\/#organization\",\"name\":\"PDF-Imposition Shop\",\"url\":\"https:\\\/\\\/pdf-imposition.shop\\\/\",\"logo\":{\"@type\":\"ImageObject\",\"inLanguage\":\"de\",\"@id\":\"https:\\\/\\\/pdf-imposition.shop\\\/#\\\/schema\\\/logo\\\/image\\\/\",\"url\":\"https:\\\/\\\/pdf-imposition.shop\\\/wp-content\\\/uploads\\\/2018\\\/03\\\/cropped-Shop-Header.jpg\",\"contentUrl\":\"https:\\\/\\\/pdf-imposition.shop\\\/wp-content\\\/uploads\\\/2018\\\/03\\\/cropped-Shop-Header.jpg\",\"width\":470,\"height\":110,\"caption\":\"PDF-Imposition Shop\"},\"image\":{\"@id\":\"https:\\\/\\\/pdf-imposition.shop\\\/#\\\/schema\\\/logo\\\/image\\\/\"}}]}<\/script>\n<!-- \/ Yoast SEO plugin. -->","yoast_head_json":{"title":"Service - PDF-Imposition Shop","robots":{"index":"index","follow":"follow","max-snippet":"max-snippet:-1","max-image-preview":"max-image-preview:large","max-video-preview":"max-video-preview:-1"},"canonical":"https:\/\/pdf-imposition.shop\/?page_id=357","og_locale":"de_DE","og_type":"article","og_title":"Service - PDF-Imposition Shop","og_description":"&nbsp; Als erfahrener Software-Dienstleister in der Druckvorstufe, kann ich Ihnen einem umfassenden Kundenservice anbieten: &nbsp; &nbsp; Problemanalyse beim Kunden Intensive Beratung zur Auswahl geeigneter Softwareprodukte f\u00fcr Ihre Probleml\u00f6sung Angebotserstellung in angemessenem Preis-\/Leistungsverh\u00e4ltnis Fachgerechte Installation der Softwarel\u00f6sungen und ausf\u00fchrliches Anwendertraining vor Ort Produktionsbegleitung in der Anlaufphase auf Kundenwunsch Nachhaltiger Telefon-\/TeamViewer-Support ist auch nach der Rechnungsstellung selbstverst\u00e4ndlich [&hellip;]","og_url":"https:\/\/pdf-imposition.shop\/?page_id=357","og_site_name":"PDF-Imposition Shop","article_modified_time":"2018-04-08T17:21:52+00:00","og_image":[{"url":"http:\/\/pdf-imposition.shop\/wp-content\/uploads\/2018\/03\/service3.jpg","type":"","width":"","height":""}],"twitter_card":"summary_large_image","schema":{"@context":"https:\/\/schema.org","@graph":[{"@type":"WebPage","@id":"https:\/\/pdf-imposition.shop\/?page_id=357","url":"https:\/\/pdf-imposition.shop\/?page_id=357","name":"Service - PDF-Imposition Shop","isPartOf":{"@id":"https:\/\/pdf-imposition.shop\/#website"},"primaryImageOfPage":{"@id":"https:\/\/pdf-imposition.shop\/?page_id=357#primaryimage"},"image":{"@id":"https:\/\/pdf-imposition.shop\/?page_id=357#primaryimage"},"thumbnailUrl":"http:\/\/pdf-imposition.shop\/wp-content\/uploads\/2018\/03\/service3.jpg","datePublished":"2018-03-28T09:36:38+00:00","dateModified":"2018-04-08T17:21:52+00:00","breadcrumb":{"@id":"https:\/\/pdf-imposition.shop\/?page_id=357#breadcrumb"},"inLanguage":"de","potentialAction":[{"@type":"ReadAction","target":["https:\/\/pdf-imposition.shop\/?page_id=357"]}]},{"@type":"ImageObject","inLanguage":"de","@id":"https:\/\/pdf-imposition.shop\/?page_id=357#primaryimage","url":"https:\/\/pdf-imposition.shop\/wp-content\/uploads\/2018\/03\/service3.jpg","contentUrl":"https:\/\/pdf-imposition.shop\/wp-content\/uploads\/2018\/03\/service3.jpg","width":251,"height":168},{"@type":"BreadcrumbList","@id":"https:\/\/pdf-imposition.shop\/?page_id=357#breadcrumb","itemListElement":[{"@type":"ListItem","position":1,"name":"Startseite","item":"https:\/\/pdf-imposition.shop\/"},{"@type":"ListItem","position":2,"name":"Service"}]},{"@type":"WebSite","@id":"https:\/\/pdf-imposition.shop\/#website","url":"https:\/\/pdf-imposition.shop\/","name":"PDF-Imposition Shop","description":"Prepress Software Shop &amp; Service","publisher":{"@id":"https:\/\/pdf-imposition.shop\/#organization"},"potentialAction":[{"@type":"SearchAction","target":{"@type":"EntryPoint","urlTemplate":"https:\/\/pdf-imposition.shop\/?s={search_term_string}"},"query-input":{"@type":"PropertyValueSpecification","valueRequired":true,"valueName":"search_term_string"}}],"inLanguage":"de"},{"@type":"Organization","@id":"https:\/\/pdf-imposition.shop\/#organization","name":"PDF-Imposition Shop","url":"https:\/\/pdf-imposition.shop\/","logo":{"@type":"ImageObject","inLanguage":"de","@id":"https:\/\/pdf-imposition.shop\/#\/schema\/logo\/image\/","url":"https:\/\/pdf-imposition.shop\/wp-content\/uploads\/2018\/03\/cropped-Shop-Header.jpg","contentUrl":"https:\/\/pdf-imposition.shop\/wp-content\/uploads\/2018\/03\/cropped-Shop-Header.jpg","width":470,"height":110,"caption":"PDF-Imposition Shop"},"image":{"@id":"https:\/\/pdf-imposition.shop\/#\/schema\/logo\/image\/"}}]}},"jetpack_sharing_enabled":true,"jetpack_shortlink":"https:\/\/wp.me\/P9wGET-5L","_links":{"self":[{"href":"https:\/\/pdf-imposition.shop\/index.php?rest_route=\/wp\/v2\/pages\/357","targetHints":{"allow":["GET"]}}],"collection":[{"href":"https:\/\/pdf-imposition.shop\/index.php?rest_route=\/wp\/v2\/pages"}],"about":[{"href":"https:\/\/pdf-imposition.shop\/index.php?rest_route=\/wp\/v2\/types\/page"}],"author":[{"embeddable":true,"href":"https:\/\/pdf-imposition.shop\/index.php?rest_route=\/wp\/v2\/users\/1"}],"replies":[{"embeddable":true,"href":"https:\/\/pdf-imposition.shop\/index.php?rest_route=%2Fwp%2Fv2%2Fcomments&post=357"}],"version-history":[{"count":46,"href":"https:\/\/pdf-imposition.shop\/index.php?rest_route=\/wp\/v2\/pages\/357\/revisions"}],"predecessor-version":[{"id":729,"href":"https:\/\/pdf-imposition.shop\/index.php?rest_route=\/wp\/v2\/pages\/357\/revisions\/729"}],"wp:attachment":[{"href":"https:\/\/pdf-imposition.shop\/index.php?rest_route=%2Fwp%2Fv2%2Fmedia&parent=357"}],"curies":[{"name":"wp","href":"https:\/\/api.w.org\/{rel}","templated":true}]}}